{"id":972,"date":"2012-08-04T13:04:17","date_gmt":"2012-08-04T13:04:17","guid":{"rendered":"http:\/\/www.austrianweb.at\/drucksorten\/wordpress\/?page_id=972"},"modified":"2017-03-15T15:13:20","modified_gmt":"2017-03-15T15:13:20","slug":"startnummern","status":"publish","type":"page","link":"https:\/\/www.austrianweb.at\/drucksorten\/event-u-lokal\/startnummern\/","title":{"rendered":"Startnummern"},"content":{"rendered":"<p>Bei Rennen aller Art geht nichts ohne Startnummern f\u00fcr die Teilnehmer.<\/p>\n<p>Warum diese dann nicht auch gleich als Werbetr\u00e4ger nutzen? Es m\u00fcssen nat\u00fcrlich nicht nur Startnummern sein. Firmenlogos usw. k\u00f6nnen ebenso platziert werden.<\/p>\n<p>Durch die praktische Einheitsgr\u00f6\u00dfe passen die Startnummern sowohl \u00fcber dicke Anoraks als auch \u00fcber den Bikini :-)<\/p>\n<ul>\n<li>Die Startnummern \u00dcberzieher bestehen aus 2 Stoffteilen 28 x 35 cm &#8211; 220g Textilstoff<\/li>\n<li>die K\u00f6rperb\u00e4nder sind vern\u00e4ht und wahlweise in wei\u00df oder schwarz erh\u00e4ltlich<\/li>\n<li>4c Sublimationsdruck<\/li>\n<li>B1 zertifiziert, schwer entflammbar<\/li>\n<li>zugeschnitten und vern\u00e4ht<\/li>\n<\/ul>\n<p style=\"text-align: center;\"><a href=\"https:\/\/www.austrianweb.at\/drucksorten\/wp-content\/uploads\/Startnummern.png\"><img decoding=\"async\" loading=\"lazy\" class=\"aligncenter size-medium wp-image-2356\" title=\"Startnummern, individuell nach Ihren W\u00fcnschen bedruckt\" alt=\"Startnummern\" src=\"https:\/\/www.austrianweb.at\/drucksorten\/wp-content\/uploads\/Startnummern-490x464.png\" width=\"490\" height=\"464\" \/><\/a><\/p>\n<p>&nbsp;<\/p>\n","protected":false},"excerpt":{"rendered":"<p>Bei Rennen aller Art geht nichts ohne Startnummern f\u00fcr die Teilnehmer. Warum diese dann nicht auch gleich als Werbetr\u00e4ger nutzen? Es m\u00fcssen nat\u00fcrlich nicht nur Startnummern sein. Firmenlogos usw. k\u00f6nnen ebenso platziert werden. Durch die praktische Einheitsgr\u00f6\u00dfe passen die Startnummern sowohl \u00fcber dicke Anoraks als auch \u00fcber den Bikini :-) Die Startnummern \u00dcberzieher bestehen aus [&hellip;]<\/p>\n","protected":false},"author":1,"featured_media":0,"parent":691,"menu_order":0,"comment_status":"closed","ping_status":"open","template":"","meta":{"footnotes":""},"yoast_head":"<!-- This site is optimized with the Yoast SEO plugin v22.5 - https:\/\/yoast.com\/wordpress\/plugins\/seo\/ -->\n<title>Starnummern, individuell bedruckt<\/title>\n<meta name=\"robots\" content=\"index, follow, max-snippet:-1, max-image-preview:large, max-video-preview:-1\" \/>\n<link rel=\"canonical\" href=\"https:\/\/www.austrianweb.at\/drucksorten\/event-u-lokal\/startnummern\/\" \/>\n<meta property=\"og:locale\" content=\"de_DE\" \/>\n<meta property=\"og:type\" content=\"article\" \/>\n<meta property=\"og:title\" content=\"Starnummern, individuell bedruckt\" \/>\n<meta property=\"og:description\" content=\"Bei Rennen aller Art geht nichts ohne Startnummern f\u00fcr die Teilnehmer. Warum diese dann nicht auch gleich als Werbetr\u00e4ger nutzen? Es m\u00fcssen nat\u00fcrlich nicht nur Startnummern sein. Firmenlogos usw. k\u00f6nnen ebenso platziert werden. Durch die praktische Einheitsgr\u00f6\u00dfe passen die Startnummern sowohl \u00fcber dicke Anoraks als auch \u00fcber den Bikini :-) Die Startnummern \u00dcberzieher bestehen aus [&hellip;]\" \/>\n<meta property=\"og:url\" content=\"https:\/\/www.austrianweb.at\/drucksorten\/event-u-lokal\/startnummern\/\" \/>\n<meta property=\"og:site_name\" content=\"Qualitativ hochwertige Drucksorten aller Art\" \/>\n<meta property=\"article:publisher\" content=\"https:\/\/www.facebook.com\/pages\/Austrianweb-Suchmaschinenoptimierung\/\" \/>\n<meta property=\"article:modified_time\" content=\"2017-03-15T15:13:20+00:00\" \/>\n<meta property=\"og:image\" content=\"https:\/\/www.austrianweb.at\/drucksorten\/wp-content\/uploads\/Startnummern-490x464.png\" \/>\n<script type=\"application\/ld+json\" class=\"yoast-schema-graph\">{\"@context\":\"https:\/\/schema.org\",\"@graph\":[{\"@type\":\"WebPage\",\"@id\":\"https:\/\/www.austrianweb.at\/drucksorten\/event-u-lokal\/startnummern\/\",\"url\":\"https:\/\/www.austrianweb.at\/drucksorten\/event-u-lokal\/startnummern\/\",\"name\":\"Starnummern, individuell bedruckt\",\"isPartOf\":{\"@id\":\"https:\/\/www.austrianweb.at\/drucksorten\/#website\"},\"primaryImageOfPage\":{\"@id\":\"https:\/\/www.austrianweb.at\/drucksorten\/event-u-lokal\/startnummern\/#primaryimage\"},\"image\":{\"@id\":\"https:\/\/www.austrianweb.at\/drucksorten\/event-u-lokal\/startnummern\/#primaryimage\"},\"thumbnailUrl\":\"https:\/\/www.austrianweb.at\/drucksorten\/wp-content\/uploads\/Startnummern-490x464.png\",\"datePublished\":\"2012-08-04T13:04:17+00:00\",\"dateModified\":\"2017-03-15T15:13:20+00:00\",\"breadcrumb\":{\"@id\":\"https:\/\/www.austrianweb.at\/drucksorten\/event-u-lokal\/startnummern\/#breadcrumb\"},\"inLanguage\":\"de\",\"potentialAction\":[{\"@type\":\"ReadAction\",\"target\":[\"https:\/\/www.austrianweb.at\/drucksorten\/event-u-lokal\/startnummern\/\"]}]},{\"@type\":\"ImageObject\",\"inLanguage\":\"de\",\"@id\":\"https:\/\/www.austrianweb.at\/drucksorten\/event-u-lokal\/startnummern\/#primaryimage\",\"url\":\"https:\/\/www.austrianweb.at\/drucksorten\/wp-content\/uploads\/Startnummern-490x464.png\",\"contentUrl\":\"https:\/\/www.austrianweb.at\/drucksorten\/wp-content\/uploads\/Startnummern-490x464.png\"},{\"@type\":\"BreadcrumbList\",\"@id\":\"https:\/\/www.austrianweb.at\/drucksorten\/event-u-lokal\/startnummern\/#breadcrumb\",\"itemListElement\":[{\"@type\":\"ListItem\",\"position\":1,\"name\":\"Event u. Lokal\",\"item\":\"https:\/\/www.austrianweb.at\/drucksorten\/event-u-lokal\/\"},{\"@type\":\"ListItem\",\"position\":2,\"name\":\"Startnummern\"}]},{\"@type\":\"WebSite\",\"@id\":\"https:\/\/www.austrianweb.at\/drucksorten\/#website\",\"url\":\"https:\/\/www.austrianweb.at\/drucksorten\/\",\"name\":\"Qualitativ hochwertige Drucksorten aller Art\",\"description\":\"Gesch\u00e4fts- u. Werbedrucksorten - Printartikel f\u00fcr Point of sale\",\"publisher\":{\"@id\":\"https:\/\/www.austrianweb.at\/drucksorten\/#organization\"},\"potentialAction\":[{\"@type\":\"SearchAction\",\"target\":{\"@type\":\"EntryPoint\",\"urlTemplate\":\"https:\/\/www.austrianweb.at\/drucksorten\/?s={search_term_string}\"},\"query-input\":\"required name=search_term_string\"}],\"inLanguage\":\"de\"},{\"@type\":\"Organization\",\"@id\":\"https:\/\/www.austrianweb.at\/drucksorten\/#organization\",\"name\":\"Austrianweb\",\"url\":\"https:\/\/www.austrianweb.at\/drucksorten\/\",\"logo\":{\"@type\":\"ImageObject\",\"inLanguage\":\"de\",\"@id\":\"https:\/\/www.austrianweb.at\/drucksorten\/#\/schema\/logo\/image\/\",\"url\":\"https:\/\/www.austrianweb.at\/drucksorten\/wp-content\/uploads\/Austrianweb-Logo-180.png\",\"contentUrl\":\"https:\/\/www.austrianweb.at\/drucksorten\/wp-content\/uploads\/Austrianweb-Logo-180.png\",\"width\":180,\"height\":209,\"caption\":\"Austrianweb\"},\"image\":{\"@id\":\"https:\/\/www.austrianweb.at\/drucksorten\/#\/schema\/logo\/image\/\"},\"sameAs\":[\"https:\/\/www.facebook.com\/pages\/Austrianweb-Suchmaschinenoptimierung\/\",\"https:\/\/x.com\/austrianweb\"]}]}<\/script>\n<!-- \/ Yoast SEO plugin. -->","yoast_head_json":{"title":"Starnummern, individuell bedruckt","robots":{"index":"index","follow":"follow","max-snippet":"max-snippet:-1","max-image-preview":"max-image-preview:large","max-video-preview":"max-video-preview:-1"},"canonical":"https:\/\/www.austrianweb.at\/drucksorten\/event-u-lokal\/startnummern\/","og_locale":"de_DE","og_type":"article","og_title":"Starnummern, individuell bedruckt","og_description":"Bei Rennen aller Art geht nichts ohne Startnummern f\u00fcr die Teilnehmer. Warum diese dann nicht auch gleich als Werbetr\u00e4ger nutzen? Es m\u00fcssen nat\u00fcrlich nicht nur Startnummern sein. Firmenlogos usw. k\u00f6nnen ebenso platziert werden. Durch die praktische Einheitsgr\u00f6\u00dfe passen die Startnummern sowohl \u00fcber dicke Anoraks als auch \u00fcber den Bikini :-) Die Startnummern \u00dcberzieher bestehen aus [&hellip;]","og_url":"https:\/\/www.austrianweb.at\/drucksorten\/event-u-lokal\/startnummern\/","og_site_name":"Qualitativ hochwertige Drucksorten aller Art","article_publisher":"https:\/\/www.facebook.com\/pages\/Austrianweb-Suchmaschinenoptimierung\/","article_modified_time":"2017-03-15T15:13:20+00:00","og_image":[{"url":"https:\/\/www.austrianweb.at\/drucksorten\/wp-content\/uploads\/Startnummern-490x464.png"}],"schema":{"@context":"https:\/\/schema.org","@graph":[{"@type":"WebPage","@id":"https:\/\/www.austrianweb.at\/drucksorten\/event-u-lokal\/startnummern\/","url":"https:\/\/www.austrianweb.at\/drucksorten\/event-u-lokal\/startnummern\/","name":"Starnummern, individuell bedruckt","isPartOf":{"@id":"https:\/\/www.austrianweb.at\/drucksorten\/#website"},"primaryImageOfPage":{"@id":"https:\/\/www.austrianweb.at\/drucksorten\/event-u-lokal\/startnummern\/#primaryimage"},"image":{"@id":"https:\/\/www.austrianweb.at\/drucksorten\/event-u-lokal\/startnummern\/#primaryimage"},"thumbnailUrl":"https:\/\/www.austrianweb.at\/drucksorten\/wp-content\/uploads\/Startnummern-490x464.png","datePublished":"2012-08-04T13:04:17+00:00","dateModified":"2017-03-15T15:13:20+00:00","breadcrumb":{"@id":"https:\/\/www.austrianweb.at\/drucksorten\/event-u-lokal\/startnummern\/#breadcrumb"},"inLanguage":"de","potentialAction":[{"@type":"ReadAction","target":["https:\/\/www.austrianweb.at\/drucksorten\/event-u-lokal\/startnummern\/"]}]},{"@type":"ImageObject","inLanguage":"de","@id":"https:\/\/www.austrianweb.at\/drucksorten\/event-u-lokal\/startnummern\/#primaryimage","url":"https:\/\/www.austrianweb.at\/drucksorten\/wp-content\/uploads\/Startnummern-490x464.png","contentUrl":"https:\/\/www.austrianweb.at\/drucksorten\/wp-content\/uploads\/Startnummern-490x464.png"},{"@type":"BreadcrumbList","@id":"https:\/\/www.austrianweb.at\/drucksorten\/event-u-lokal\/startnummern\/#breadcrumb","itemListElement":[{"@type":"ListItem","position":1,"name":"Event u. Lokal","item":"https:\/\/www.austrianweb.at\/drucksorten\/event-u-lokal\/"},{"@type":"ListItem","position":2,"name":"Startnummern"}]},{"@type":"WebSite","@id":"https:\/\/www.austrianweb.at\/drucksorten\/#website","url":"https:\/\/www.austrianweb.at\/drucksorten\/","name":"Qualitativ hochwertige Drucksorten aller Art","description":"Gesch\u00e4fts- u. Werbedrucksorten - Printartikel f\u00fcr Point of sale","publisher":{"@id":"https:\/\/www.austrianweb.at\/drucksorten\/#organization"},"potentialAction":[{"@type":"SearchAction","target":{"@type":"EntryPoint","urlTemplate":"https:\/\/www.austrianweb.at\/drucksorten\/?s={search_term_string}"},"query-input":"required name=search_term_string"}],"inLanguage":"de"},{"@type":"Organization","@id":"https:\/\/www.austrianweb.at\/drucksorten\/#organization","name":"Austrianweb","url":"https:\/\/www.austrianweb.at\/drucksorten\/","logo":{"@type":"ImageObject","inLanguage":"de","@id":"https:\/\/www.austrianweb.at\/drucksorten\/#\/schema\/logo\/image\/","url":"https:\/\/www.austrianweb.at\/drucksorten\/wp-content\/uploads\/Austrianweb-Logo-180.png","contentUrl":"https:\/\/www.austrianweb.at\/drucksorten\/wp-content\/uploads\/Austrianweb-Logo-180.png","width":180,"height":209,"caption":"Austrianweb"},"image":{"@id":"https:\/\/www.austrianweb.at\/drucksorten\/#\/schema\/logo\/image\/"},"sameAs":["https:\/\/www.facebook.com\/pages\/Austrianweb-Suchmaschinenoptimierung\/","https:\/\/x.com\/austrianweb"]}]}},"_links":{"self":[{"href":"https:\/\/www.austrianweb.at\/drucksorten\/wp-json\/wp\/v2\/pages\/972"}],"collection":[{"href":"https:\/\/www.austrianweb.at\/drucksorten\/wp-json\/wp\/v2\/pages"}],"about":[{"href":"https:\/\/www.austrianweb.at\/drucksorten\/wp-json\/wp\/v2\/types\/page"}],"author":[{"embeddable":true,"href":"https:\/\/www.austrianweb.at\/drucksorten\/wp-json\/wp\/v2\/users\/1"}],"replies":[{"embeddable":true,"href":"https:\/\/www.austrianweb.at\/drucksorten\/wp-json\/wp\/v2\/comments?post=972"}],"version-history":[{"count":1,"href":"https:\/\/www.austrianweb.at\/drucksorten\/wp-json\/wp\/v2\/pages\/972\/revisions"}],"predecessor-version":[{"id":3024,"href":"https:\/\/www.austrianweb.at\/drucksorten\/wp-json\/wp\/v2\/pages\/972\/revisions\/3024"}],"up":[{"embeddable":true,"href":"https:\/\/www.austrianweb.at\/drucksorten\/wp-json\/wp\/v2\/pages\/691"}],"wp:attachment":[{"href":"https:\/\/www.austrianweb.at\/drucksorten\/wp-json\/wp\/v2\/media?parent=972"}],"curies":[{"name":"wp","href":"https:\/\/api.w.org\/{rel}","templated":true}]}}