{"id":91,"date":"2008-10-30T20:30:10","date_gmt":"2008-10-30T20:30:10","guid":{"rendered":"http:\/\/www.austrianweb.at\/drucksorten\/wordpress\/?p=91"},"modified":"2021-06-07T17:28:09","modified_gmt":"2021-06-07T17:28:09","slug":"folien","status":"publish","type":"page","link":"https:\/\/www.austrianweb.at\/drucksorten\/folien\/","title":{"rendered":"Folien"},"content":{"rendered":"<p>Folien sind g\u00fcnstig in der Anschaffung und lassen sich vielf\u00e4ltig einsetzen. Von Car-Wrapping \u00fcber einfache Klebeetiketten bis hin zu Schaufensterwerbung.<\/p>\n<p>Unterschiedliche <a title=\"Folienarten \u2013 Materialien\" href=\"https:\/\/www.austrianweb.at\/drucksorten\/fragen-und-antworten\/folienarten-materialien\/\">Materialien<\/a> erm\u00f6glichen die diversen Einsatzm\u00f6glichkeiten.<\/p>\n<ul>\n<li>Langzeitplakatw\u00e4nde<\/li>\n<li>Aufkleber in Kleinauflagen<\/li>\n<li>Schaufensterbeklebungen (auch als Hinterglasfolie)<\/li>\n<li>Fahrzeugbeklebungen bzw. KFZ Klebefolien zur KFZ Beschriftung<\/li>\n<li>Selbstklebende Poster und Plakate<\/li>\n<li>Car-Wrapping<\/li>\n<li>3D-KFZ-Vollverklebung<\/li>\n<li>und vieles mehr<\/li>\n<\/ul>\n<p><strong>Standard Folien:<\/strong><\/p>\n<ul>\n<li>Aufkleber und Klebeetiketten<\/li>\n<li>Fensterlochfolien<\/li>\n<li>Fu\u00dfboden Folien<\/li>\n<li>Klebefolien<\/li>\n<li>Hinterglaskleber<\/li>\n<li>Magnetfolie<\/li>\n<li>Durchlichtfolien<\/li>\n<li>Auto Klebefolien<\/li>\n<li>T\u00fcrfolie<\/li>\n<li>&#8230;.<\/li>\n<\/ul>\n<div><\/div>\n<div><strong>Materialien:<\/strong><\/div>\n<div>\n<ul>\n<li>matt monomer<\/li>\n<li>UV matt monomer<\/li>\n<li>gl\u00e4nzend monomer<\/li>\n<li>gl\u00e4nzend polymer<\/li>\n<li>Luftkanalfolie, gl\u00e4nzend polymer<\/li>\n<li>matt polymer<\/li>\n<li>matt polymer, partiell UV lackiert<\/li>\n<li><a href=\"https:\/\/www.austrianweb.at\/drucksorten\/banner-transparente\/transparente\/\">Transparent<\/a>, Farben durchscheinend<\/li>\n<li>Transparent, partiell wei\u00df unterdruckt<\/li>\n<li>Hinterglaskleber\u00a0wei\u00df<\/li>\n<li>Hinterglaskleber partiell wei\u00df<\/li>\n<li>Fu\u00dfbodenkleber<\/li>\n<li>Fensterlochfolie<\/li>\n<li>Backlight ultrahochaufl\u00f6send<\/li>\n<li>Frosted Klebefolie<\/li>\n<\/ul>\n<\/div>\n","protected":false},"excerpt":{"rendered":"<p>Folien sind g\u00fcnstig in der Anschaffung und lassen sich vielf\u00e4ltig einsetzen. Von Car-Wrapping \u00fcber einfache Klebeetiketten bis hin zu Schaufensterwerbung. Unterschiedliche Materialien erm\u00f6glichen die diversen Einsatzm\u00f6glichkeiten. Langzeitplakatw\u00e4nde Aufkleber in Kleinauflagen Schaufensterbeklebungen (auch als Hinterglasfolie) Fahrzeugbeklebungen bzw. KFZ Klebefolien zur KFZ Beschriftung Selbstklebende Poster und Plakate Car-Wrapping 3D-KFZ-Vollverklebung und vieles mehr Standard Folien: Aufkleber und Klebeetiketten [&hellip;]<\/p>\n","protected":false},"author":2,"featured_media":0,"parent":0,"menu_order":0,"comment_status":"closed","ping_status":"open","template":"","meta":{"footnotes":""},"yoast_head":"<!-- This site is optimized with the Yoast SEO plugin v22.5 - https:\/\/yoast.com\/wordpress\/plugins\/seo\/ -->\n<title>Klebefolien und Aufkleber<\/title>\n<meta name=\"description\" content=\"Einfach mittels Aufklebern Werbebotschaften verbreiten. Oder per Klebefolie das Auto versch\u00f6nern bzw. beschriften. KFZ Beschriftung oder Fensterlochfolien f\u00fcr Schaufenster.\" \/>\n<meta name=\"robots\" content=\"index, follow, max-snippet:-1, max-image-preview:large, max-video-preview:-1\" \/>\n<link rel=\"canonical\" href=\"https:\/\/www.austrianweb.at\/drucksorten\/folien\/\" \/>\n<meta property=\"og:locale\" content=\"de_DE\" \/>\n<meta property=\"og:type\" content=\"article\" \/>\n<meta property=\"og:title\" content=\"Klebefolien und Aufkleber\" \/>\n<meta property=\"og:description\" content=\"Einfach mittels Aufklebern Werbebotschaften verbreiten. Oder per Klebefolie das Auto versch\u00f6nern bzw. beschriften. KFZ Beschriftung oder Fensterlochfolien f\u00fcr Schaufenster.\" \/>\n<meta property=\"og:url\" content=\"https:\/\/www.austrianweb.at\/drucksorten\/folien\/\" \/>\n<meta property=\"og:site_name\" content=\"Qualitativ hochwertige Drucksorten aller Art\" \/>\n<meta property=\"article:publisher\" content=\"https:\/\/www.facebook.com\/pages\/Austrianweb-Suchmaschinenoptimierung\/\" \/>\n<meta property=\"article:modified_time\" content=\"2021-06-07T17:28:09+00:00\" \/>\n<meta property=\"og:image\" content=\"https:\/\/www.austrianweb.at\/drucksorten\/wp-content\/uploads\/Austrianweb-Logo-180.png\" \/>\n\t<meta property=\"og:image:width\" content=\"180\" \/>\n\t<meta property=\"og:image:height\" content=\"209\" \/>\n\t<meta property=\"og:image:type\" content=\"image\/png\" \/>\n<meta name=\"twitter:label1\" content=\"Gesch\u00e4tzte Lesezeit\" \/>\n\t<meta name=\"twitter:data1\" content=\"1\u00a0Minute\" \/>\n<script type=\"application\/ld+json\" class=\"yoast-schema-graph\">{\"@context\":\"https:\/\/schema.org\",\"@graph\":[{\"@type\":\"WebPage\",\"@id\":\"https:\/\/www.austrianweb.at\/drucksorten\/folien\/\",\"url\":\"https:\/\/www.austrianweb.at\/drucksorten\/folien\/\",\"name\":\"Klebefolien und Aufkleber\",\"isPartOf\":{\"@id\":\"https:\/\/www.austrianweb.at\/drucksorten\/#website\"},\"datePublished\":\"2008-10-30T20:30:10+00:00\",\"dateModified\":\"2021-06-07T17:28:09+00:00\",\"description\":\"Einfach mittels Aufklebern Werbebotschaften verbreiten. Oder per Klebefolie das Auto versch\u00f6nern bzw. beschriften. KFZ Beschriftung oder Fensterlochfolien f\u00fcr Schaufenster.\",\"inLanguage\":\"de\",\"potentialAction\":[{\"@type\":\"ReadAction\",\"target\":[\"https:\/\/www.austrianweb.at\/drucksorten\/folien\/\"]}]},{\"@type\":\"WebSite\",\"@id\":\"https:\/\/www.austrianweb.at\/drucksorten\/#website\",\"url\":\"https:\/\/www.austrianweb.at\/drucksorten\/\",\"name\":\"Qualitativ hochwertige Drucksorten aller Art\",\"description\":\"Gesch\u00e4fts- u. Werbedrucksorten - Printartikel f\u00fcr Point of sale\",\"publisher\":{\"@id\":\"https:\/\/www.austrianweb.at\/drucksorten\/#organization\"},\"potentialAction\":[{\"@type\":\"SearchAction\",\"target\":{\"@type\":\"EntryPoint\",\"urlTemplate\":\"https:\/\/www.austrianweb.at\/drucksorten\/?s={search_term_string}\"},\"query-input\":\"required name=search_term_string\"}],\"inLanguage\":\"de\"},{\"@type\":\"Organization\",\"@id\":\"https:\/\/www.austrianweb.at\/drucksorten\/#organization\",\"name\":\"Austrianweb\",\"url\":\"https:\/\/www.austrianweb.at\/drucksorten\/\",\"logo\":{\"@type\":\"ImageObject\",\"inLanguage\":\"de\",\"@id\":\"https:\/\/www.austrianweb.at\/drucksorten\/#\/schema\/logo\/image\/\",\"url\":\"https:\/\/www.austrianweb.at\/drucksorten\/wp-content\/uploads\/Austrianweb-Logo-180.png\",\"contentUrl\":\"https:\/\/www.austrianweb.at\/drucksorten\/wp-content\/uploads\/Austrianweb-Logo-180.png\",\"width\":180,\"height\":209,\"caption\":\"Austrianweb\"},\"image\":{\"@id\":\"https:\/\/www.austrianweb.at\/drucksorten\/#\/schema\/logo\/image\/\"},\"sameAs\":[\"https:\/\/www.facebook.com\/pages\/Austrianweb-Suchmaschinenoptimierung\/\",\"https:\/\/x.com\/austrianweb\"]}]}<\/script>\n<!-- \/ Yoast SEO plugin. -->","yoast_head_json":{"title":"Klebefolien und Aufkleber","description":"Einfach mittels Aufklebern Werbebotschaften verbreiten. Oder per Klebefolie das Auto versch\u00f6nern bzw. beschriften. KFZ Beschriftung oder Fensterlochfolien f\u00fcr Schaufenster.","robots":{"index":"index","follow":"follow","max-snippet":"max-snippet:-1","max-image-preview":"max-image-preview:large","max-video-preview":"max-video-preview:-1"},"canonical":"https:\/\/www.austrianweb.at\/drucksorten\/folien\/","og_locale":"de_DE","og_type":"article","og_title":"Klebefolien und Aufkleber","og_description":"Einfach mittels Aufklebern Werbebotschaften verbreiten. Oder per Klebefolie das Auto versch\u00f6nern bzw. beschriften. KFZ Beschriftung oder Fensterlochfolien f\u00fcr Schaufenster.","og_url":"https:\/\/www.austrianweb.at\/drucksorten\/folien\/","og_site_name":"Qualitativ hochwertige Drucksorten aller Art","article_publisher":"https:\/\/www.facebook.com\/pages\/Austrianweb-Suchmaschinenoptimierung\/","article_modified_time":"2021-06-07T17:28:09+00:00","og_image":[{"width":180,"height":209,"url":"https:\/\/www.austrianweb.at\/drucksorten\/wp-content\/uploads\/Austrianweb-Logo-180.png","type":"image\/png"}],"twitter_misc":{"Gesch\u00e4tzte Lesezeit":"1\u00a0Minute"},"schema":{"@context":"https:\/\/schema.org","@graph":[{"@type":"WebPage","@id":"https:\/\/www.austrianweb.at\/drucksorten\/folien\/","url":"https:\/\/www.austrianweb.at\/drucksorten\/folien\/","name":"Klebefolien und Aufkleber","isPartOf":{"@id":"https:\/\/www.austrianweb.at\/drucksorten\/#website"},"datePublished":"2008-10-30T20:30:10+00:00","dateModified":"2021-06-07T17:28:09+00:00","description":"Einfach mittels Aufklebern Werbebotschaften verbreiten. Oder per Klebefolie das Auto versch\u00f6nern bzw. beschriften. KFZ Beschriftung oder Fensterlochfolien f\u00fcr Schaufenster.","inLanguage":"de","potentialAction":[{"@type":"ReadAction","target":["https:\/\/www.austrianweb.at\/drucksorten\/folien\/"]}]},{"@type":"WebSite","@id":"https:\/\/www.austrianweb.at\/drucksorten\/#website","url":"https:\/\/www.austrianweb.at\/drucksorten\/","name":"Qualitativ hochwertige Drucksorten aller Art","description":"Gesch\u00e4fts- u. Werbedrucksorten - Printartikel f\u00fcr Point of sale","publisher":{"@id":"https:\/\/www.austrianweb.at\/drucksorten\/#organization"},"potentialAction":[{"@type":"SearchAction","target":{"@type":"EntryPoint","urlTemplate":"https:\/\/www.austrianweb.at\/drucksorten\/?s={search_term_string}"},"query-input":"required name=search_term_string"}],"inLanguage":"de"},{"@type":"Organization","@id":"https:\/\/www.austrianweb.at\/drucksorten\/#organization","name":"Austrianweb","url":"https:\/\/www.austrianweb.at\/drucksorten\/","logo":{"@type":"ImageObject","inLanguage":"de","@id":"https:\/\/www.austrianweb.at\/drucksorten\/#\/schema\/logo\/image\/","url":"https:\/\/www.austrianweb.at\/drucksorten\/wp-content\/uploads\/Austrianweb-Logo-180.png","contentUrl":"https:\/\/www.austrianweb.at\/drucksorten\/wp-content\/uploads\/Austrianweb-Logo-180.png","width":180,"height":209,"caption":"Austrianweb"},"image":{"@id":"https:\/\/www.austrianweb.at\/drucksorten\/#\/schema\/logo\/image\/"},"sameAs":["https:\/\/www.facebook.com\/pages\/Austrianweb-Suchmaschinenoptimierung\/","https:\/\/x.com\/austrianweb"]}]}},"_links":{"self":[{"href":"https:\/\/www.austrianweb.at\/drucksorten\/wp-json\/wp\/v2\/pages\/91"}],"collection":[{"href":"https:\/\/www.austrianweb.at\/drucksorten\/wp-json\/wp\/v2\/pages"}],"about":[{"href":"https:\/\/www.austrianweb.at\/drucksorten\/wp-json\/wp\/v2\/types\/page"}],"author":[{"embeddable":true,"href":"https:\/\/www.austrianweb.at\/drucksorten\/wp-json\/wp\/v2\/users\/2"}],"replies":[{"embeddable":true,"href":"https:\/\/www.austrianweb.at\/drucksorten\/wp-json\/wp\/v2\/comments?post=91"}],"version-history":[{"count":3,"href":"https:\/\/www.austrianweb.at\/drucksorten\/wp-json\/wp\/v2\/pages\/91\/revisions"}],"predecessor-version":[{"id":4135,"href":"https:\/\/www.austrianweb.at\/drucksorten\/wp-json\/wp\/v2\/pages\/91\/revisions\/4135"}],"wp:attachment":[{"href":"https:\/\/www.austrianweb.at\/drucksorten\/wp-json\/wp\/v2\/media?parent=91"}],"curies":[{"name":"wp","href":"https:\/\/api.w.org\/{rel}","templated":true}]}}