{"id":790,"date":"2012-06-13T09:13:12","date_gmt":"2012-06-13T09:13:12","guid":{"rendered":"http:\/\/www.austrianweb.at\/drucksorten\/wordpress\/?page_id=790"},"modified":"2017-03-15T15:13:19","modified_gmt":"2017-03-15T15:13:19","slug":"polystyrolplatten","status":"publish","type":"page","link":"https:\/\/www.austrianweb.at\/drucksorten\/banner-tafel-schilder\/polystyrolplatten\/","title":{"rendered":"Polystyrolplatten"},"content":{"rendered":"<p>Diese Platten k\u00f6nnen in einer beliebigen Form bis max 1000 x 2000 mm in einem St\u00fcck geliefert werden.<\/p>\n<p>Polystyrolplatten bestehen aus 1mm starkem Polystyrolmaterial, sind doppelseitig 4c bedruckt und Brandschutzklasse B2 zertifiziert.<\/p>\n<p><strong>Nat\u00fcrlich gibt aber auch Standard Formate:<\/strong><\/p>\n<ul>\n<li>A3<\/li>\n<li>A2<\/li>\n<li>A1<\/li>\n<li>100x49cm<\/li>\n<li>200x100cm<\/li>\n<\/ul>\n<p>Wichtig zu wissen:\u00a0Polystyrolplatten gibt es nicht mit Schutzfolie. Deswegen kann es an den Oberfl\u00e4chen zu leichten Kratzern und produktionsbedingten Unregelm\u00e4\u00dfigkeiten kommen, die dann in Form von Farbunregelm\u00e4\u00dfigkeiten (bei sehr hellen Fl\u00e4chen) sichtbar sind. W\u00e4hlen Sie deswegen als Alternative z.B. PVC Hartschaumplatten.<\/p>\n","protected":false},"excerpt":{"rendered":"<p>Diese Platten k\u00f6nnen in einer beliebigen Form bis max 1000 x 2000 mm in einem St\u00fcck geliefert werden. Polystyrolplatten bestehen aus 1mm starkem Polystyrolmaterial, sind doppelseitig 4c bedruckt und Brandschutzklasse B2 zertifiziert. Nat\u00fcrlich gibt aber auch Standard Formate: A3 A2 A1 100x49cm 200x100cm Wichtig zu wissen:\u00a0Polystyrolplatten gibt es nicht mit Schutzfolie. Deswegen kann es an [&hellip;]<\/p>\n","protected":false},"author":1,"featured_media":0,"parent":132,"menu_order":0,"comment_status":"closed","ping_status":"open","template":"","meta":{"footnotes":""},"yoast_head":"<!-- This site is optimized with the Yoast SEO plugin v22.5 - https:\/\/yoast.com\/wordpress\/plugins\/seo\/ -->\n<title>Polystyrolplatten - Qualitativ hochwertige Drucksorten aller Art<\/title>\n<meta name=\"robots\" content=\"index, follow, max-snippet:-1, max-image-preview:large, max-video-preview:-1\" \/>\n<link rel=\"canonical\" href=\"https:\/\/www.austrianweb.at\/drucksorten\/banner-tafel-schilder\/polystyrolplatten\/\" \/>\n<meta property=\"og:locale\" content=\"de_DE\" \/>\n<meta property=\"og:type\" content=\"article\" \/>\n<meta property=\"og:title\" content=\"Polystyrolplatten - Qualitativ hochwertige Drucksorten aller Art\" \/>\n<meta property=\"og:description\" content=\"Diese Platten k\u00f6nnen in einer beliebigen Form bis max 1000 x 2000 mm in einem St\u00fcck geliefert werden. Polystyrolplatten bestehen aus 1mm starkem Polystyrolmaterial, sind doppelseitig 4c bedruckt und Brandschutzklasse B2 zertifiziert. Nat\u00fcrlich gibt aber auch Standard Formate: A3 A2 A1 100x49cm 200x100cm Wichtig zu wissen:\u00a0Polystyrolplatten gibt es nicht mit Schutzfolie. Deswegen kann es an [&hellip;]\" \/>\n<meta property=\"og:url\" content=\"https:\/\/www.austrianweb.at\/drucksorten\/banner-tafel-schilder\/polystyrolplatten\/\" \/>\n<meta property=\"og:site_name\" content=\"Qualitativ hochwertige Drucksorten aller Art\" \/>\n<meta property=\"article:publisher\" content=\"https:\/\/www.facebook.com\/pages\/Austrianweb-Suchmaschinenoptimierung\/\" \/>\n<meta property=\"article:modified_time\" content=\"2017-03-15T15:13:19+00:00\" \/>\n<meta property=\"og:image\" content=\"https:\/\/www.austrianweb.at\/drucksorten\/wp-content\/uploads\/Austrianweb-Logo-180.png\" \/>\n\t<meta property=\"og:image:width\" content=\"180\" \/>\n\t<meta property=\"og:image:height\" content=\"209\" \/>\n\t<meta property=\"og:image:type\" content=\"image\/png\" \/>\n<script type=\"application\/ld+json\" class=\"yoast-schema-graph\">{\"@context\":\"https:\/\/schema.org\",\"@graph\":[{\"@type\":\"WebPage\",\"@id\":\"https:\/\/www.austrianweb.at\/drucksorten\/banner-tafel-schilder\/polystyrolplatten\/\",\"url\":\"https:\/\/www.austrianweb.at\/drucksorten\/banner-tafel-schilder\/polystyrolplatten\/\",\"name\":\"Polystyrolplatten - Qualitativ hochwertige Drucksorten aller Art\",\"isPartOf\":{\"@id\":\"https:\/\/www.austrianweb.at\/drucksorten\/#website\"},\"datePublished\":\"2012-06-13T09:13:12+00:00\",\"dateModified\":\"2017-03-15T15:13:19+00:00\",\"breadcrumb\":{\"@id\":\"https:\/\/www.austrianweb.at\/drucksorten\/banner-tafel-schilder\/polystyrolplatten\/#breadcrumb\"},\"inLanguage\":\"de\",\"potentialAction\":[{\"@type\":\"ReadAction\",\"target\":[\"https:\/\/www.austrianweb.at\/drucksorten\/banner-tafel-schilder\/polystyrolplatten\/\"]}]},{\"@type\":\"BreadcrumbList\",\"@id\":\"https:\/\/www.austrianweb.at\/drucksorten\/banner-tafel-schilder\/polystyrolplatten\/#breadcrumb\",\"itemListElement\":[{\"@type\":\"ListItem\",\"position\":1,\"name\":\"Schilder, Platten u. Tafeln\",\"item\":\"https:\/\/www.austrianweb.at\/drucksorten\/banner-tafel-schilder\/\"},{\"@type\":\"ListItem\",\"position\":2,\"name\":\"Polystyrolplatten\"}]},{\"@type\":\"WebSite\",\"@id\":\"https:\/\/www.austrianweb.at\/drucksorten\/#website\",\"url\":\"https:\/\/www.austrianweb.at\/drucksorten\/\",\"name\":\"Qualitativ hochwertige Drucksorten aller Art\",\"description\":\"Gesch\u00e4fts- u. Werbedrucksorten - Printartikel f\u00fcr Point of sale\",\"publisher\":{\"@id\":\"https:\/\/www.austrianweb.at\/drucksorten\/#organization\"},\"potentialAction\":[{\"@type\":\"SearchAction\",\"target\":{\"@type\":\"EntryPoint\",\"urlTemplate\":\"https:\/\/www.austrianweb.at\/drucksorten\/?s={search_term_string}\"},\"query-input\":\"required name=search_term_string\"}],\"inLanguage\":\"de\"},{\"@type\":\"Organization\",\"@id\":\"https:\/\/www.austrianweb.at\/drucksorten\/#organization\",\"name\":\"Austrianweb\",\"url\":\"https:\/\/www.austrianweb.at\/drucksorten\/\",\"logo\":{\"@type\":\"ImageObject\",\"inLanguage\":\"de\",\"@id\":\"https:\/\/www.austrianweb.at\/drucksorten\/#\/schema\/logo\/image\/\",\"url\":\"https:\/\/www.austrianweb.at\/drucksorten\/wp-content\/uploads\/Austrianweb-Logo-180.png\",\"contentUrl\":\"https:\/\/www.austrianweb.at\/drucksorten\/wp-content\/uploads\/Austrianweb-Logo-180.png\",\"width\":180,\"height\":209,\"caption\":\"Austrianweb\"},\"image\":{\"@id\":\"https:\/\/www.austrianweb.at\/drucksorten\/#\/schema\/logo\/image\/\"},\"sameAs\":[\"https:\/\/www.facebook.com\/pages\/Austrianweb-Suchmaschinenoptimierung\/\",\"https:\/\/x.com\/austrianweb\"]}]}<\/script>\n<!-- \/ Yoast SEO plugin. -->","yoast_head_json":{"title":"Polystyrolplatten - Qualitativ hochwertige Drucksorten aller Art","robots":{"index":"index","follow":"follow","max-snippet":"max-snippet:-1","max-image-preview":"max-image-preview:large","max-video-preview":"max-video-preview:-1"},"canonical":"https:\/\/www.austrianweb.at\/drucksorten\/banner-tafel-schilder\/polystyrolplatten\/","og_locale":"de_DE","og_type":"article","og_title":"Polystyrolplatten - Qualitativ hochwertige Drucksorten aller Art","og_description":"Diese Platten k\u00f6nnen in einer beliebigen Form bis max 1000 x 2000 mm in einem St\u00fcck geliefert werden. Polystyrolplatten bestehen aus 1mm starkem Polystyrolmaterial, sind doppelseitig 4c bedruckt und Brandschutzklasse B2 zertifiziert. Nat\u00fcrlich gibt aber auch Standard Formate: A3 A2 A1 100x49cm 200x100cm Wichtig zu wissen:\u00a0Polystyrolplatten gibt es nicht mit Schutzfolie. Deswegen kann es an [&hellip;]","og_url":"https:\/\/www.austrianweb.at\/drucksorten\/banner-tafel-schilder\/polystyrolplatten\/","og_site_name":"Qualitativ hochwertige Drucksorten aller Art","article_publisher":"https:\/\/www.facebook.com\/pages\/Austrianweb-Suchmaschinenoptimierung\/","article_modified_time":"2017-03-15T15:13:19+00:00","og_image":[{"width":180,"height":209,"url":"https:\/\/www.austrianweb.at\/drucksorten\/wp-content\/uploads\/Austrianweb-Logo-180.png","type":"image\/png"}],"schema":{"@context":"https:\/\/schema.org","@graph":[{"@type":"WebPage","@id":"https:\/\/www.austrianweb.at\/drucksorten\/banner-tafel-schilder\/polystyrolplatten\/","url":"https:\/\/www.austrianweb.at\/drucksorten\/banner-tafel-schilder\/polystyrolplatten\/","name":"Polystyrolplatten - Qualitativ hochwertige Drucksorten aller Art","isPartOf":{"@id":"https:\/\/www.austrianweb.at\/drucksorten\/#website"},"datePublished":"2012-06-13T09:13:12+00:00","dateModified":"2017-03-15T15:13:19+00:00","breadcrumb":{"@id":"https:\/\/www.austrianweb.at\/drucksorten\/banner-tafel-schilder\/polystyrolplatten\/#breadcrumb"},"inLanguage":"de","potentialAction":[{"@type":"ReadAction","target":["https:\/\/www.austrianweb.at\/drucksorten\/banner-tafel-schilder\/polystyrolplatten\/"]}]},{"@type":"BreadcrumbList","@id":"https:\/\/www.austrianweb.at\/drucksorten\/banner-tafel-schilder\/polystyrolplatten\/#breadcrumb","itemListElement":[{"@type":"ListItem","position":1,"name":"Schilder, Platten u. Tafeln","item":"https:\/\/www.austrianweb.at\/drucksorten\/banner-tafel-schilder\/"},{"@type":"ListItem","position":2,"name":"Polystyrolplatten"}]},{"@type":"WebSite","@id":"https:\/\/www.austrianweb.at\/drucksorten\/#website","url":"https:\/\/www.austrianweb.at\/drucksorten\/","name":"Qualitativ hochwertige Drucksorten aller Art","description":"Gesch\u00e4fts- u. Werbedrucksorten - Printartikel f\u00fcr Point of sale","publisher":{"@id":"https:\/\/www.austrianweb.at\/drucksorten\/#organization"},"potentialAction":[{"@type":"SearchAction","target":{"@type":"EntryPoint","urlTemplate":"https:\/\/www.austrianweb.at\/drucksorten\/?s={search_term_string}"},"query-input":"required name=search_term_string"}],"inLanguage":"de"},{"@type":"Organization","@id":"https:\/\/www.austrianweb.at\/drucksorten\/#organization","name":"Austrianweb","url":"https:\/\/www.austrianweb.at\/drucksorten\/","logo":{"@type":"ImageObject","inLanguage":"de","@id":"https:\/\/www.austrianweb.at\/drucksorten\/#\/schema\/logo\/image\/","url":"https:\/\/www.austrianweb.at\/drucksorten\/wp-content\/uploads\/Austrianweb-Logo-180.png","contentUrl":"https:\/\/www.austrianweb.at\/drucksorten\/wp-content\/uploads\/Austrianweb-Logo-180.png","width":180,"height":209,"caption":"Austrianweb"},"image":{"@id":"https:\/\/www.austrianweb.at\/drucksorten\/#\/schema\/logo\/image\/"},"sameAs":["https:\/\/www.facebook.com\/pages\/Austrianweb-Suchmaschinenoptimierung\/","https:\/\/x.com\/austrianweb"]}]}},"_links":{"self":[{"href":"https:\/\/www.austrianweb.at\/drucksorten\/wp-json\/wp\/v2\/pages\/790"}],"collection":[{"href":"https:\/\/www.austrianweb.at\/drucksorten\/wp-json\/wp\/v2\/pages"}],"about":[{"href":"https:\/\/www.austrianweb.at\/drucksorten\/wp-json\/wp\/v2\/types\/page"}],"author":[{"embeddable":true,"href":"https:\/\/www.austrianweb.at\/drucksorten\/wp-json\/wp\/v2\/users\/1"}],"replies":[{"embeddable":true,"href":"https:\/\/www.austrianweb.at\/drucksorten\/wp-json\/wp\/v2\/comments?post=790"}],"version-history":[{"count":1,"href":"https:\/\/www.austrianweb.at\/drucksorten\/wp-json\/wp\/v2\/pages\/790\/revisions"}],"predecessor-version":[{"id":3076,"href":"https:\/\/www.austrianweb.at\/drucksorten\/wp-json\/wp\/v2\/pages\/790\/revisions\/3076"}],"up":[{"embeddable":true,"href":"https:\/\/www.austrianweb.at\/drucksorten\/wp-json\/wp\/v2\/pages\/132"}],"wp:attachment":[{"href":"https:\/\/www.austrianweb.at\/drucksorten\/wp-json\/wp\/v2\/media?parent=790"}],"curies":[{"name":"wp","href":"https:\/\/api.w.org\/{rel}","templated":true}]}}