{"id":704,"date":"2012-06-05T11:49:58","date_gmt":"2012-06-05T11:49:58","guid":{"rendered":"http:\/\/www.austrianweb.at\/drucksorten\/wordpress\/?page_id=704"},"modified":"2015-09-17T19:03:12","modified_gmt":"2015-09-17T19:03:12","slug":"portfolio-geschaftsdrucksorten","status":"publish","type":"page","link":"https:\/\/www.austrianweb.at\/drucksorten\/portfolio\/portfolio-geschaftsdrucksorten\/","title":{"rendered":"Portfolio Gesch\u00e4ftsdrucksorten"},"content":{"rendered":"<p>Angebote, Rechnungen, Mahnungen &#8230;. Visitenkarten, Flipchart Bl\u00f6cke usw. &#8211; im Office braucht man Druckwerk.<\/p>\n<table style=\"width: 100%;\" border=\"0\">\n<tbody>\n<tr>\n<td style=\"width: 33%;\" align=\"center\" valign=\"top\">Visitenkarten<\/td>\n<td style=\"width: 33%;\" align=\"center\" valign=\"top\">Briefpapier<\/td>\n<td style=\"width: 33%;\" align=\"center\" valign=\"top\">Kuverts<\/td>\n<\/tr>\n<tr>\n<td style=\"width: 33%;\" align=\"center\" valign=\"top\">Fl\u00fcgelmappen und Taschen<\/td>\n<td style=\"width: 33%;\" align=\"center\" valign=\"top\">Bl\u00f6cke<\/td>\n<td style=\"width: 33%;\" align=\"center\" valign=\"top\">Flipchartbl\u00f6cke<\/td>\n<\/tr>\n<tr>\n<td style=\"width: 33%;\" align=\"center\" valign=\"top\">Stempel<\/td>\n<td style=\"width: 33%;\" align=\"center\" valign=\"top\">Schreibtischunterlagen<\/td>\n<td style=\"width: 33%;\" align=\"center\" valign=\"top\"><\/td>\n<\/tr>\n<tr>\n<td style=\"width: 33%;\" align=\"center\" valign=\"top\"><\/td>\n<td style=\"width: 33%;\" align=\"center\" valign=\"top\"><\/td>\n<td style=\"width: 33%;\" align=\"center\" valign=\"top\"><\/td>\n<\/tr>\n<tr>\n<td style=\"width: 33%;\" align=\"center\" valign=\"top\"><\/td>\n<td style=\"width: 33%;\" align=\"center\" valign=\"top\"><\/td>\n<td style=\"width: 33%;\" align=\"center\" valign=\"top\"><\/td>\n<\/tr>\n<tr>\n<td style=\"width: 33%;\" align=\"center\" valign=\"top\"><\/td>\n<td style=\"width: 33%;\" align=\"center\" valign=\"top\"><\/td>\n<td style=\"width: 33%;\" align=\"center\" valign=\"top\"><\/td>\n<\/tr>\n<tr>\n<td style=\"width: 33%;\" align=\"center\" valign=\"top\"><\/td>\n<td style=\"width: 33%;\" align=\"center\" valign=\"top\"><\/td>\n<td style=\"width: 33%;\" align=\"center\" valign=\"top\"><\/td>\n<\/tr>\n<tr>\n<td style=\"width: 33%;\" align=\"center\" valign=\"top\"><\/td>\n<td style=\"width: 33%;\" align=\"center\" valign=\"top\"><\/td>\n<td style=\"width: 33%;\" align=\"center\" valign=\"top\"><\/td>\n<\/tr>\n<tr>\n<td style=\"width: 33%;\" align=\"center\" valign=\"top\"><\/td>\n<td style=\"width: 33%;\" align=\"center\" valign=\"top\"><\/td>\n<td style=\"width: 33%;\" align=\"center\" valign=\"top\"><\/td>\n<\/tr>\n<tr>\n<td style=\"width: 33%;\" align=\"center\" valign=\"top\"><\/td>\n<td style=\"width: 33%;\" align=\"center\" valign=\"top\"><\/td>\n<td style=\"width: 33%;\" align=\"center\" valign=\"top\"><\/td>\n<\/tr>\n<\/tbody>\n<\/table>\n","protected":false},"excerpt":{"rendered":"<p>Angebote, Rechnungen, Mahnungen &#8230;. Visitenkarten, Flipchart Bl\u00f6cke usw. &#8211; im Office braucht man Druckwerk. Visitenkarten Briefpapier Kuverts Fl\u00fcgelmappen und Taschen Bl\u00f6cke Flipchartbl\u00f6cke Stempel Schreibtischunterlagen<\/p>\n","protected":false},"author":1,"featured_media":0,"parent":1975,"menu_order":0,"comment_status":"closed","ping_status":"open","template":"","meta":{"footnotes":""},"yoast_head":"<!-- This site is optimized with the Yoast SEO plugin v22.5 - https:\/\/yoast.com\/wordpress\/plugins\/seo\/ -->\n<title>Portfolio Gesch\u00e4ftsdrucksorten - Qualitativ hochwertige Drucksorten aller Art<\/title>\n<meta name=\"robots\" content=\"index, follow, max-snippet:-1, max-image-preview:large, max-video-preview:-1\" \/>\n<link rel=\"canonical\" href=\"https:\/\/www.austrianweb.at\/drucksorten\/portfolio\/portfolio-geschaftsdrucksorten\/\" \/>\n<meta property=\"og:locale\" content=\"de_DE\" \/>\n<meta property=\"og:type\" content=\"article\" \/>\n<meta property=\"og:title\" content=\"Portfolio Gesch\u00e4ftsdrucksorten - Qualitativ hochwertige Drucksorten aller Art\" \/>\n<meta property=\"og:description\" content=\"Angebote, Rechnungen, Mahnungen &#8230;. Visitenkarten, Flipchart Bl\u00f6cke usw. &#8211; im Office braucht man Druckwerk. Visitenkarten Briefpapier Kuverts Fl\u00fcgelmappen und Taschen Bl\u00f6cke Flipchartbl\u00f6cke Stempel Schreibtischunterlagen\" \/>\n<meta property=\"og:url\" content=\"https:\/\/www.austrianweb.at\/drucksorten\/portfolio\/portfolio-geschaftsdrucksorten\/\" \/>\n<meta property=\"og:site_name\" content=\"Qualitativ hochwertige Drucksorten aller Art\" \/>\n<meta property=\"article:publisher\" content=\"https:\/\/www.facebook.com\/pages\/Austrianweb-Suchmaschinenoptimierung\/\" \/>\n<meta property=\"article:modified_time\" content=\"2015-09-17T19:03:12+00:00\" \/>\n<meta property=\"og:image\" content=\"https:\/\/www.austrianweb.at\/drucksorten\/wp-content\/uploads\/Austrianweb-Logo-180.png\" \/>\n\t<meta property=\"og:image:width\" content=\"180\" \/>\n\t<meta property=\"og:image:height\" content=\"209\" \/>\n\t<meta property=\"og:image:type\" content=\"image\/png\" \/>\n<script type=\"application\/ld+json\" class=\"yoast-schema-graph\">{\"@context\":\"https:\/\/schema.org\",\"@graph\":[{\"@type\":\"WebPage\",\"@id\":\"https:\/\/www.austrianweb.at\/drucksorten\/portfolio\/portfolio-geschaftsdrucksorten\/\",\"url\":\"https:\/\/www.austrianweb.at\/drucksorten\/portfolio\/portfolio-geschaftsdrucksorten\/\",\"name\":\"Portfolio Gesch\u00e4ftsdrucksorten - Qualitativ hochwertige Drucksorten aller Art\",\"isPartOf\":{\"@id\":\"https:\/\/www.austrianweb.at\/drucksorten\/#website\"},\"datePublished\":\"2012-06-05T11:49:58+00:00\",\"dateModified\":\"2015-09-17T19:03:12+00:00\",\"breadcrumb\":{\"@id\":\"https:\/\/www.austrianweb.at\/drucksorten\/portfolio\/portfolio-geschaftsdrucksorten\/#breadcrumb\"},\"inLanguage\":\"de\",\"potentialAction\":[{\"@type\":\"ReadAction\",\"target\":[\"https:\/\/www.austrianweb.at\/drucksorten\/portfolio\/portfolio-geschaftsdrucksorten\/\"]}]},{\"@type\":\"BreadcrumbList\",\"@id\":\"https:\/\/www.austrianweb.at\/drucksorten\/portfolio\/portfolio-geschaftsdrucksorten\/#breadcrumb\",\"itemListElement\":[{\"@type\":\"ListItem\",\"position\":1,\"name\":\"Portfolio\",\"item\":\"https:\/\/www.austrianweb.at\/drucksorten\/portfolio\/\"},{\"@type\":\"ListItem\",\"position\":2,\"name\":\"Portfolio Gesch\u00e4ftsdrucksorten\"}]},{\"@type\":\"WebSite\",\"@id\":\"https:\/\/www.austrianweb.at\/drucksorten\/#website\",\"url\":\"https:\/\/www.austrianweb.at\/drucksorten\/\",\"name\":\"Qualitativ hochwertige Drucksorten aller Art\",\"description\":\"Gesch\u00e4fts- u. Werbedrucksorten - Printartikel f\u00fcr Point of sale\",\"publisher\":{\"@id\":\"https:\/\/www.austrianweb.at\/drucksorten\/#organization\"},\"potentialAction\":[{\"@type\":\"SearchAction\",\"target\":{\"@type\":\"EntryPoint\",\"urlTemplate\":\"https:\/\/www.austrianweb.at\/drucksorten\/?s={search_term_string}\"},\"query-input\":\"required name=search_term_string\"}],\"inLanguage\":\"de\"},{\"@type\":\"Organization\",\"@id\":\"https:\/\/www.austrianweb.at\/drucksorten\/#organization\",\"name\":\"Austrianweb\",\"url\":\"https:\/\/www.austrianweb.at\/drucksorten\/\",\"logo\":{\"@type\":\"ImageObject\",\"inLanguage\":\"de\",\"@id\":\"https:\/\/www.austrianweb.at\/drucksorten\/#\/schema\/logo\/image\/\",\"url\":\"https:\/\/www.austrianweb.at\/drucksorten\/wp-content\/uploads\/Austrianweb-Logo-180.png\",\"contentUrl\":\"https:\/\/www.austrianweb.at\/drucksorten\/wp-content\/uploads\/Austrianweb-Logo-180.png\",\"width\":180,\"height\":209,\"caption\":\"Austrianweb\"},\"image\":{\"@id\":\"https:\/\/www.austrianweb.at\/drucksorten\/#\/schema\/logo\/image\/\"},\"sameAs\":[\"https:\/\/www.facebook.com\/pages\/Austrianweb-Suchmaschinenoptimierung\/\",\"https:\/\/x.com\/austrianweb\"]}]}<\/script>\n<!-- \/ Yoast SEO plugin. -->","yoast_head_json":{"title":"Portfolio Gesch\u00e4ftsdrucksorten - Qualitativ hochwertige Drucksorten aller Art","robots":{"index":"index","follow":"follow","max-snippet":"max-snippet:-1","max-image-preview":"max-image-preview:large","max-video-preview":"max-video-preview:-1"},"canonical":"https:\/\/www.austrianweb.at\/drucksorten\/portfolio\/portfolio-geschaftsdrucksorten\/","og_locale":"de_DE","og_type":"article","og_title":"Portfolio Gesch\u00e4ftsdrucksorten - Qualitativ hochwertige Drucksorten aller Art","og_description":"Angebote, Rechnungen, Mahnungen &#8230;. Visitenkarten, Flipchart Bl\u00f6cke usw. &#8211; im Office braucht man Druckwerk. Visitenkarten Briefpapier Kuverts Fl\u00fcgelmappen und Taschen Bl\u00f6cke Flipchartbl\u00f6cke Stempel Schreibtischunterlagen","og_url":"https:\/\/www.austrianweb.at\/drucksorten\/portfolio\/portfolio-geschaftsdrucksorten\/","og_site_name":"Qualitativ hochwertige Drucksorten aller Art","article_publisher":"https:\/\/www.facebook.com\/pages\/Austrianweb-Suchmaschinenoptimierung\/","article_modified_time":"2015-09-17T19:03:12+00:00","og_image":[{"width":180,"height":209,"url":"https:\/\/www.austrianweb.at\/drucksorten\/wp-content\/uploads\/Austrianweb-Logo-180.png","type":"image\/png"}],"schema":{"@context":"https:\/\/schema.org","@graph":[{"@type":"WebPage","@id":"https:\/\/www.austrianweb.at\/drucksorten\/portfolio\/portfolio-geschaftsdrucksorten\/","url":"https:\/\/www.austrianweb.at\/drucksorten\/portfolio\/portfolio-geschaftsdrucksorten\/","name":"Portfolio Gesch\u00e4ftsdrucksorten - Qualitativ hochwertige Drucksorten aller Art","isPartOf":{"@id":"https:\/\/www.austrianweb.at\/drucksorten\/#website"},"datePublished":"2012-06-05T11:49:58+00:00","dateModified":"2015-09-17T19:03:12+00:00","breadcrumb":{"@id":"https:\/\/www.austrianweb.at\/drucksorten\/portfolio\/portfolio-geschaftsdrucksorten\/#breadcrumb"},"inLanguage":"de","potentialAction":[{"@type":"ReadAction","target":["https:\/\/www.austrianweb.at\/drucksorten\/portfolio\/portfolio-geschaftsdrucksorten\/"]}]},{"@type":"BreadcrumbList","@id":"https:\/\/www.austrianweb.at\/drucksorten\/portfolio\/portfolio-geschaftsdrucksorten\/#breadcrumb","itemListElement":[{"@type":"ListItem","position":1,"name":"Portfolio","item":"https:\/\/www.austrianweb.at\/drucksorten\/portfolio\/"},{"@type":"ListItem","position":2,"name":"Portfolio Gesch\u00e4ftsdrucksorten"}]},{"@type":"WebSite","@id":"https:\/\/www.austrianweb.at\/drucksorten\/#website","url":"https:\/\/www.austrianweb.at\/drucksorten\/","name":"Qualitativ hochwertige Drucksorten aller Art","description":"Gesch\u00e4fts- u. Werbedrucksorten - Printartikel f\u00fcr Point of sale","publisher":{"@id":"https:\/\/www.austrianweb.at\/drucksorten\/#organization"},"potentialAction":[{"@type":"SearchAction","target":{"@type":"EntryPoint","urlTemplate":"https:\/\/www.austrianweb.at\/drucksorten\/?s={search_term_string}"},"query-input":"required name=search_term_string"}],"inLanguage":"de"},{"@type":"Organization","@id":"https:\/\/www.austrianweb.at\/drucksorten\/#organization","name":"Austrianweb","url":"https:\/\/www.austrianweb.at\/drucksorten\/","logo":{"@type":"ImageObject","inLanguage":"de","@id":"https:\/\/www.austrianweb.at\/drucksorten\/#\/schema\/logo\/image\/","url":"https:\/\/www.austrianweb.at\/drucksorten\/wp-content\/uploads\/Austrianweb-Logo-180.png","contentUrl":"https:\/\/www.austrianweb.at\/drucksorten\/wp-content\/uploads\/Austrianweb-Logo-180.png","width":180,"height":209,"caption":"Austrianweb"},"image":{"@id":"https:\/\/www.austrianweb.at\/drucksorten\/#\/schema\/logo\/image\/"},"sameAs":["https:\/\/www.facebook.com\/pages\/Austrianweb-Suchmaschinenoptimierung\/","https:\/\/x.com\/austrianweb"]}]}},"_links":{"self":[{"href":"https:\/\/www.austrianweb.at\/drucksorten\/wp-json\/wp\/v2\/pages\/704"}],"collection":[{"href":"https:\/\/www.austrianweb.at\/drucksorten\/wp-json\/wp\/v2\/pages"}],"about":[{"href":"https:\/\/www.austrianweb.at\/drucksorten\/wp-json\/wp\/v2\/types\/page"}],"author":[{"embeddable":true,"href":"https:\/\/www.austrianweb.at\/drucksorten\/wp-json\/wp\/v2\/users\/1"}],"replies":[{"embeddable":true,"href":"https:\/\/www.austrianweb.at\/drucksorten\/wp-json\/wp\/v2\/comments?post=704"}],"version-history":[{"count":1,"href":"https:\/\/www.austrianweb.at\/drucksorten\/wp-json\/wp\/v2\/pages\/704\/revisions"}],"predecessor-version":[{"id":3156,"href":"https:\/\/www.austrianweb.at\/drucksorten\/wp-json\/wp\/v2\/pages\/704\/revisions\/3156"}],"up":[{"embeddable":true,"href":"https:\/\/www.austrianweb.at\/drucksorten\/wp-json\/wp\/v2\/pages\/1975"}],"wp:attachment":[{"href":"https:\/\/www.austrianweb.at\/drucksorten\/wp-json\/wp\/v2\/media?parent=704"}],"curies":[{"name":"wp","href":"https:\/\/api.w.org\/{rel}","templated":true}]}}