{"id":702,"date":"2012-06-05T11:44:11","date_gmt":"2012-06-05T11:44:11","guid":{"rendered":"http:\/\/www.austrianweb.at\/drucksorten\/wordpress\/?page_id=702"},"modified":"2021-06-07T17:39:02","modified_gmt":"2021-06-07T17:39:02","slug":"klebefolien","status":"publish","type":"page","link":"https:\/\/www.austrianweb.at\/drucksorten\/folien\/klebefolien\/","title":{"rendered":"Klebefolien"},"content":{"rendered":"<p><a href=\"https:\/\/www.austrianweb.at\/drucksorten\/wp-content\/uploads\/Klebefolie.jpg\"><img decoding=\"async\" loading=\"lazy\" class=\"alignright wp-image-1026 size-medium\" title=\"Klebefolie\" src=\"https:\/\/www.austrianweb.at\/drucksorten\/wp-content\/uploads\/Klebefolie-300x262.jpg\" alt=\"\" width=\"300\" height=\"262\" \/><\/a>Klebefolien und Aufkleber sind g\u00fcnstig in der Anschaffung und lassen sich vielf\u00e4ltig einsetzen. Von Car-Wrapping \u00fcber einfache Klebeetiketten bis hin zu Schaufensterwerbung.<\/p>\n<p>Unterschiedliche Materialien erm\u00f6glichen die diversen Einsatzm\u00f6glichkeiten.<\/p>\n<ul>\n<li>Langzeitplakatw\u00e4nde<\/li>\n<li>Aufkleber in Kleinauflagen<\/li>\n<li>Schaufensterbeklebungen<\/li>\n<li>Fahrzeugbeklebungen ( KFZ Beschriftung)<\/li>\n<li>Selbstklebende Poster und Plakate<\/li>\n<li>Car-Wrapping<\/li>\n<li>3D-KFZ-Vollverklebung<\/li>\n<li>und vieles mehr<\/li>\n<\/ul>\n<div><img decoding=\"async\" loading=\"lazy\" class=\"aligncenter wp-image-1028 size-full\" title=\"Klebefolie-matt-lackiert\" src=\"https:\/\/www.austrianweb.at\/drucksorten\/wp-content\/uploads\/Klebefolie-matt-lackiert.jpg\" alt=\"\" width=\"316\" height=\"229\" \/><\/div>\n<p><strong>Standard Folien:<\/strong><\/p>\n<ul>\n<li>Aufkleber<\/li>\n<li>Fensterlochfolien<\/li>\n<li>Klebefolien<\/li>\n<li>Magnetfolie<\/li>\n<li>T\u00fcrfolie<\/li>\n<li>&#8230;.<\/li>\n<\/ul>\n<div><img decoding=\"async\" loading=\"lazy\" class=\"aligncenter wp-image-1029 size-full\" title=\"Hinterglasklebefolie\" src=\"https:\/\/www.austrianweb.at\/drucksorten\/wp-content\/uploads\/Hinterglasklebefolie.jpg\" alt=\"\" width=\"226\" height=\"271\" \/><\/div>\n<div><\/div>\n<div><strong>Materialien:<\/strong><\/div>\n<div>\n<ul>\n<li>matt monomer<\/li>\n<li>UV matt monomer<\/li>\n<li>gl\u00e4nzend monomer<\/li>\n<li>gl\u00e4nzend polymer<\/li>\n<li>Luftkanalfolie, gl\u00e4nzend polymer<\/li>\n<li>matt polymer<\/li>\n<li>matt polymer, partiell UV lackiert<\/li>\n<li><a href=\"https:\/\/www.austrianweb.at\/drucksorten\/banner-transparente\/transparente\/\">Transparent<\/a>, Farben durchscheinend<\/li>\n<li>Transparent, partiell wei\u00df unterdruckt<\/li>\n<li>Hinterglaskleber\u00a0wei\u00df<\/li>\n<li>Hinterglaskleber partiell wei\u00df<\/li>\n<li>Fu\u00dfbodenkleber<\/li>\n<li><a title=\"Fensterlochfolie\" href=\"https:\/\/www.austrianweb.at\/drucksorten\/fragen-und-antworten\/folienarten-materialien\/fensterlochfolie\/\">Fensterlochfolie<\/a><\/li>\n<li>Backlight ultrahochaufl\u00f6send<\/li>\n<li>Frosted Klebefolie<\/li>\n<\/ul>\n<\/div>\n","protected":false},"excerpt":{"rendered":"<p>Klebefolien und Aufkleber sind g\u00fcnstig in der Anschaffung und lassen sich vielf\u00e4ltig einsetzen. Von Car-Wrapping \u00fcber einfache Klebeetiketten bis hin zu Schaufensterwerbung. Unterschiedliche Materialien erm\u00f6glichen die diversen Einsatzm\u00f6glichkeiten. Langzeitplakatw\u00e4nde Aufkleber in Kleinauflagen Schaufensterbeklebungen Fahrzeugbeklebungen ( KFZ Beschriftung) Selbstklebende Poster und Plakate Car-Wrapping 3D-KFZ-Vollverklebung und vieles mehr Standard Folien: Aufkleber Fensterlochfolien Klebefolien Magnetfolie T\u00fcrfolie &#8230;. Materialien: [&hellip;]<\/p>\n","protected":false},"author":1,"featured_media":0,"parent":91,"menu_order":0,"comment_status":"closed","ping_status":"open","template":"","meta":{"footnotes":""},"yoast_head":"<!-- This site is optimized with the Yoast SEO plugin v22.5 - https:\/\/yoast.com\/wordpress\/plugins\/seo\/ -->\n<title>Klebefolien - Qualitativ hochwertige Drucksorten aller Art<\/title>\n<meta name=\"robots\" content=\"index, follow, max-snippet:-1, max-image-preview:large, max-video-preview:-1\" \/>\n<link rel=\"canonical\" href=\"https:\/\/www.austrianweb.at\/drucksorten\/folien\/klebefolien\/\" \/>\n<meta property=\"og:locale\" content=\"de_DE\" \/>\n<meta property=\"og:type\" content=\"article\" \/>\n<meta property=\"og:title\" content=\"Klebefolien - Qualitativ hochwertige Drucksorten aller Art\" \/>\n<meta property=\"og:description\" content=\"Klebefolien und Aufkleber sind g\u00fcnstig in der Anschaffung und lassen sich vielf\u00e4ltig einsetzen. Von Car-Wrapping \u00fcber einfache Klebeetiketten bis hin zu Schaufensterwerbung. Unterschiedliche Materialien erm\u00f6glichen die diversen Einsatzm\u00f6glichkeiten. Langzeitplakatw\u00e4nde Aufkleber in Kleinauflagen Schaufensterbeklebungen Fahrzeugbeklebungen ( KFZ Beschriftung) Selbstklebende Poster und Plakate Car-Wrapping 3D-KFZ-Vollverklebung und vieles mehr Standard Folien: Aufkleber Fensterlochfolien Klebefolien Magnetfolie T\u00fcrfolie &#8230;. Materialien: [&hellip;]\" \/>\n<meta property=\"og:url\" content=\"https:\/\/www.austrianweb.at\/drucksorten\/folien\/klebefolien\/\" \/>\n<meta property=\"og:site_name\" content=\"Qualitativ hochwertige Drucksorten aller Art\" \/>\n<meta property=\"article:publisher\" content=\"https:\/\/www.facebook.com\/pages\/Austrianweb-Suchmaschinenoptimierung\/\" \/>\n<meta property=\"article:modified_time\" content=\"2021-06-07T17:39:02+00:00\" \/>\n<meta property=\"og:image\" content=\"https:\/\/www.austrianweb.at\/drucksorten\/wp-content\/uploads\/Klebefolie-300x262.jpg\" \/>\n<meta name=\"twitter:label1\" content=\"Gesch\u00e4tzte Lesezeit\" \/>\n\t<meta name=\"twitter:data1\" content=\"1\u00a0Minute\" \/>\n<script type=\"application\/ld+json\" class=\"yoast-schema-graph\">{\"@context\":\"https:\/\/schema.org\",\"@graph\":[{\"@type\":\"WebPage\",\"@id\":\"https:\/\/www.austrianweb.at\/drucksorten\/folien\/klebefolien\/\",\"url\":\"https:\/\/www.austrianweb.at\/drucksorten\/folien\/klebefolien\/\",\"name\":\"Klebefolien - Qualitativ hochwertige Drucksorten aller Art\",\"isPartOf\":{\"@id\":\"https:\/\/www.austrianweb.at\/drucksorten\/#website\"},\"primaryImageOfPage\":{\"@id\":\"https:\/\/www.austrianweb.at\/drucksorten\/folien\/klebefolien\/#primaryimage\"},\"image\":{\"@id\":\"https:\/\/www.austrianweb.at\/drucksorten\/folien\/klebefolien\/#primaryimage\"},\"thumbnailUrl\":\"https:\/\/www.austrianweb.at\/drucksorten\/wp-content\/uploads\/Klebefolie-300x262.jpg\",\"datePublished\":\"2012-06-05T11:44:11+00:00\",\"dateModified\":\"2021-06-07T17:39:02+00:00\",\"breadcrumb\":{\"@id\":\"https:\/\/www.austrianweb.at\/drucksorten\/folien\/klebefolien\/#breadcrumb\"},\"inLanguage\":\"de\",\"potentialAction\":[{\"@type\":\"ReadAction\",\"target\":[\"https:\/\/www.austrianweb.at\/drucksorten\/folien\/klebefolien\/\"]}]},{\"@type\":\"ImageObject\",\"inLanguage\":\"de\",\"@id\":\"https:\/\/www.austrianweb.at\/drucksorten\/folien\/klebefolien\/#primaryimage\",\"url\":\"https:\/\/www.austrianweb.at\/drucksorten\/wp-content\/uploads\/Klebefolie-300x262.jpg\",\"contentUrl\":\"https:\/\/www.austrianweb.at\/drucksorten\/wp-content\/uploads\/Klebefolie-300x262.jpg\"},{\"@type\":\"BreadcrumbList\",\"@id\":\"https:\/\/www.austrianweb.at\/drucksorten\/folien\/klebefolien\/#breadcrumb\",\"itemListElement\":[{\"@type\":\"ListItem\",\"position\":1,\"name\":\"Folien\",\"item\":\"https:\/\/www.austrianweb.at\/drucksorten\/folien\/\"},{\"@type\":\"ListItem\",\"position\":2,\"name\":\"Klebefolien\"}]},{\"@type\":\"WebSite\",\"@id\":\"https:\/\/www.austrianweb.at\/drucksorten\/#website\",\"url\":\"https:\/\/www.austrianweb.at\/drucksorten\/\",\"name\":\"Qualitativ hochwertige Drucksorten aller Art\",\"description\":\"Gesch\u00e4fts- u. Werbedrucksorten - Printartikel f\u00fcr Point of sale\",\"publisher\":{\"@id\":\"https:\/\/www.austrianweb.at\/drucksorten\/#organization\"},\"potentialAction\":[{\"@type\":\"SearchAction\",\"target\":{\"@type\":\"EntryPoint\",\"urlTemplate\":\"https:\/\/www.austrianweb.at\/drucksorten\/?s={search_term_string}\"},\"query-input\":\"required name=search_term_string\"}],\"inLanguage\":\"de\"},{\"@type\":\"Organization\",\"@id\":\"https:\/\/www.austrianweb.at\/drucksorten\/#organization\",\"name\":\"Austrianweb\",\"url\":\"https:\/\/www.austrianweb.at\/drucksorten\/\",\"logo\":{\"@type\":\"ImageObject\",\"inLanguage\":\"de\",\"@id\":\"https:\/\/www.austrianweb.at\/drucksorten\/#\/schema\/logo\/image\/\",\"url\":\"https:\/\/www.austrianweb.at\/drucksorten\/wp-content\/uploads\/Austrianweb-Logo-180.png\",\"contentUrl\":\"https:\/\/www.austrianweb.at\/drucksorten\/wp-content\/uploads\/Austrianweb-Logo-180.png\",\"width\":180,\"height\":209,\"caption\":\"Austrianweb\"},\"image\":{\"@id\":\"https:\/\/www.austrianweb.at\/drucksorten\/#\/schema\/logo\/image\/\"},\"sameAs\":[\"https:\/\/www.facebook.com\/pages\/Austrianweb-Suchmaschinenoptimierung\/\",\"https:\/\/x.com\/austrianweb\"]}]}<\/script>\n<!-- \/ Yoast SEO plugin. -->","yoast_head_json":{"title":"Klebefolien - Qualitativ hochwertige Drucksorten aller Art","robots":{"index":"index","follow":"follow","max-snippet":"max-snippet:-1","max-image-preview":"max-image-preview:large","max-video-preview":"max-video-preview:-1"},"canonical":"https:\/\/www.austrianweb.at\/drucksorten\/folien\/klebefolien\/","og_locale":"de_DE","og_type":"article","og_title":"Klebefolien - Qualitativ hochwertige Drucksorten aller Art","og_description":"Klebefolien und Aufkleber sind g\u00fcnstig in der Anschaffung und lassen sich vielf\u00e4ltig einsetzen. Von Car-Wrapping \u00fcber einfache Klebeetiketten bis hin zu Schaufensterwerbung. Unterschiedliche Materialien erm\u00f6glichen die diversen Einsatzm\u00f6glichkeiten. Langzeitplakatw\u00e4nde Aufkleber in Kleinauflagen Schaufensterbeklebungen Fahrzeugbeklebungen ( KFZ Beschriftung) Selbstklebende Poster und Plakate Car-Wrapping 3D-KFZ-Vollverklebung und vieles mehr Standard Folien: Aufkleber Fensterlochfolien Klebefolien Magnetfolie T\u00fcrfolie &#8230;. Materialien: [&hellip;]","og_url":"https:\/\/www.austrianweb.at\/drucksorten\/folien\/klebefolien\/","og_site_name":"Qualitativ hochwertige Drucksorten aller Art","article_publisher":"https:\/\/www.facebook.com\/pages\/Austrianweb-Suchmaschinenoptimierung\/","article_modified_time":"2021-06-07T17:39:02+00:00","og_image":[{"url":"https:\/\/www.austrianweb.at\/drucksorten\/wp-content\/uploads\/Klebefolie-300x262.jpg"}],"twitter_misc":{"Gesch\u00e4tzte Lesezeit":"1\u00a0Minute"},"schema":{"@context":"https:\/\/schema.org","@graph":[{"@type":"WebPage","@id":"https:\/\/www.austrianweb.at\/drucksorten\/folien\/klebefolien\/","url":"https:\/\/www.austrianweb.at\/drucksorten\/folien\/klebefolien\/","name":"Klebefolien - Qualitativ hochwertige Drucksorten aller Art","isPartOf":{"@id":"https:\/\/www.austrianweb.at\/drucksorten\/#website"},"primaryImageOfPage":{"@id":"https:\/\/www.austrianweb.at\/drucksorten\/folien\/klebefolien\/#primaryimage"},"image":{"@id":"https:\/\/www.austrianweb.at\/drucksorten\/folien\/klebefolien\/#primaryimage"},"thumbnailUrl":"https:\/\/www.austrianweb.at\/drucksorten\/wp-content\/uploads\/Klebefolie-300x262.jpg","datePublished":"2012-06-05T11:44:11+00:00","dateModified":"2021-06-07T17:39:02+00:00","breadcrumb":{"@id":"https:\/\/www.austrianweb.at\/drucksorten\/folien\/klebefolien\/#breadcrumb"},"inLanguage":"de","potentialAction":[{"@type":"ReadAction","target":["https:\/\/www.austrianweb.at\/drucksorten\/folien\/klebefolien\/"]}]},{"@type":"ImageObject","inLanguage":"de","@id":"https:\/\/www.austrianweb.at\/drucksorten\/folien\/klebefolien\/#primaryimage","url":"https:\/\/www.austrianweb.at\/drucksorten\/wp-content\/uploads\/Klebefolie-300x262.jpg","contentUrl":"https:\/\/www.austrianweb.at\/drucksorten\/wp-content\/uploads\/Klebefolie-300x262.jpg"},{"@type":"BreadcrumbList","@id":"https:\/\/www.austrianweb.at\/drucksorten\/folien\/klebefolien\/#breadcrumb","itemListElement":[{"@type":"ListItem","position":1,"name":"Folien","item":"https:\/\/www.austrianweb.at\/drucksorten\/folien\/"},{"@type":"ListItem","position":2,"name":"Klebefolien"}]},{"@type":"WebSite","@id":"https:\/\/www.austrianweb.at\/drucksorten\/#website","url":"https:\/\/www.austrianweb.at\/drucksorten\/","name":"Qualitativ hochwertige Drucksorten aller Art","description":"Gesch\u00e4fts- u. Werbedrucksorten - Printartikel f\u00fcr Point of sale","publisher":{"@id":"https:\/\/www.austrianweb.at\/drucksorten\/#organization"},"potentialAction":[{"@type":"SearchAction","target":{"@type":"EntryPoint","urlTemplate":"https:\/\/www.austrianweb.at\/drucksorten\/?s={search_term_string}"},"query-input":"required name=search_term_string"}],"inLanguage":"de"},{"@type":"Organization","@id":"https:\/\/www.austrianweb.at\/drucksorten\/#organization","name":"Austrianweb","url":"https:\/\/www.austrianweb.at\/drucksorten\/","logo":{"@type":"ImageObject","inLanguage":"de","@id":"https:\/\/www.austrianweb.at\/drucksorten\/#\/schema\/logo\/image\/","url":"https:\/\/www.austrianweb.at\/drucksorten\/wp-content\/uploads\/Austrianweb-Logo-180.png","contentUrl":"https:\/\/www.austrianweb.at\/drucksorten\/wp-content\/uploads\/Austrianweb-Logo-180.png","width":180,"height":209,"caption":"Austrianweb"},"image":{"@id":"https:\/\/www.austrianweb.at\/drucksorten\/#\/schema\/logo\/image\/"},"sameAs":["https:\/\/www.facebook.com\/pages\/Austrianweb-Suchmaschinenoptimierung\/","https:\/\/x.com\/austrianweb"]}]}},"_links":{"self":[{"href":"https:\/\/www.austrianweb.at\/drucksorten\/wp-json\/wp\/v2\/pages\/702"}],"collection":[{"href":"https:\/\/www.austrianweb.at\/drucksorten\/wp-json\/wp\/v2\/pages"}],"about":[{"href":"https:\/\/www.austrianweb.at\/drucksorten\/wp-json\/wp\/v2\/types\/page"}],"author":[{"embeddable":true,"href":"https:\/\/www.austrianweb.at\/drucksorten\/wp-json\/wp\/v2\/users\/1"}],"replies":[{"embeddable":true,"href":"https:\/\/www.austrianweb.at\/drucksorten\/wp-json\/wp\/v2\/comments?post=702"}],"version-history":[{"count":15,"href":"https:\/\/www.austrianweb.at\/drucksorten\/wp-json\/wp\/v2\/pages\/702\/revisions"}],"predecessor-version":[{"id":4161,"href":"https:\/\/www.austrianweb.at\/drucksorten\/wp-json\/wp\/v2\/pages\/702\/revisions\/4161"}],"up":[{"embeddable":true,"href":"https:\/\/www.austrianweb.at\/drucksorten\/wp-json\/wp\/v2\/pages\/91"}],"wp:attachment":[{"href":"https:\/\/www.austrianweb.at\/drucksorten\/wp-json\/wp\/v2\/media?parent=702"}],"curies":[{"name":"wp","href":"https:\/\/api.w.org\/{rel}","templated":true}]}}