{"id":698,"date":"2012-06-05T11:43:08","date_gmt":"2012-06-05T11:43:08","guid":{"rendered":"http:\/\/www.austrianweb.at\/drucksorten\/wordpress\/?page_id=698"},"modified":"2015-09-17T18:59:19","modified_gmt":"2015-09-17T18:59:19","slug":"magnetfolie","status":"publish","type":"page","link":"https:\/\/www.austrianweb.at\/drucksorten\/folien\/magnetfolie\/","title":{"rendered":"Magnetfolie"},"content":{"rendered":"<p><img decoding=\"async\" loading=\"lazy\" class=\"aligncenter wp-image-1032 size-full\" title=\"Magnetfolien\" src=\"https:\/\/www.austrianweb.at\/drucksorten\/wp-content\/uploads\/Magnetfolien2.jpg\" alt=\"\" width=\"300\" height=\"258\" \/>Das ist ein wirklich tolles Produkt. Die Magnetfolien \/ \u00a0Magnetschilder eignet sich hervorragend f\u00fcr &#8222;vor\u00fcbergehende&#8220; KFZ Beschriftungen.<\/p>\n<p>So l\u00e4sst sich Ihr Fahrzeug als Werbefl\u00e4che mit den praktischen Magnettafeln als Werbefl\u00e4che nutzen.<\/p>\n<p>Ist die Werbung am Auto nicht mehr erw\u00fcnscht einfach die Magnetfolie (r\u00fcckstandsfrei und ohne Werkzeug) einfach abnehmen &#8211; fertig und Sie haben wieder Ihren Privat-PKW. brauchen Sie wieder einen Firmenwagen &#8211; Magnetschild einfach wieder anbringen.<\/p>\n<p>PS: Magnetschilder sind auch hervorragend zur Auszeichnung an Palettenregalen geeignet.<\/p>\n<p>Die Magnetfolien k\u00f6nnen Sie auch in beliebiger Form ausgeschnitten bekommen. Von Kreisrund bis Sternf\u00f6rmig. Oder an den Konturen Ihres Firmenlogos angepasst.<\/p>\n<p>&nbsp;<\/p>\n","protected":false},"excerpt":{"rendered":"<p>Das ist ein wirklich tolles Produkt. Die Magnetfolien \/ \u00a0Magnetschilder eignet sich hervorragend f\u00fcr &#8222;vor\u00fcbergehende&#8220; KFZ Beschriftungen. So l\u00e4sst sich Ihr Fahrzeug als Werbefl\u00e4che mit den praktischen Magnettafeln als Werbefl\u00e4che nutzen. Ist die Werbung am Auto nicht mehr erw\u00fcnscht einfach die Magnetfolie (r\u00fcckstandsfrei und ohne Werkzeug) einfach abnehmen &#8211; fertig und Sie haben wieder Ihren [&hellip;]<\/p>\n","protected":false},"author":1,"featured_media":0,"parent":91,"menu_order":0,"comment_status":"closed","ping_status":"open","template":"","meta":{"footnotes":""},"yoast_head":"<!-- This site is optimized with the Yoast SEO plugin v22.5 - https:\/\/yoast.com\/wordpress\/plugins\/seo\/ -->\n<title>Magnetfolie - Qualitativ hochwertige Drucksorten aller Art<\/title>\n<meta name=\"robots\" content=\"index, follow, max-snippet:-1, max-image-preview:large, max-video-preview:-1\" \/>\n<link rel=\"canonical\" href=\"https:\/\/www.austrianweb.at\/drucksorten\/folien\/magnetfolie\/\" \/>\n<meta property=\"og:locale\" content=\"de_DE\" \/>\n<meta property=\"og:type\" content=\"article\" \/>\n<meta property=\"og:title\" content=\"Magnetfolie - Qualitativ hochwertige Drucksorten aller Art\" \/>\n<meta property=\"og:description\" content=\"Das ist ein wirklich tolles Produkt. Die Magnetfolien \/ \u00a0Magnetschilder eignet sich hervorragend f\u00fcr &#8222;vor\u00fcbergehende&#8220; KFZ Beschriftungen. So l\u00e4sst sich Ihr Fahrzeug als Werbefl\u00e4che mit den praktischen Magnettafeln als Werbefl\u00e4che nutzen. Ist die Werbung am Auto nicht mehr erw\u00fcnscht einfach die Magnetfolie (r\u00fcckstandsfrei und ohne Werkzeug) einfach abnehmen &#8211; fertig und Sie haben wieder Ihren [&hellip;]\" \/>\n<meta property=\"og:url\" content=\"https:\/\/www.austrianweb.at\/drucksorten\/folien\/magnetfolie\/\" \/>\n<meta property=\"og:site_name\" content=\"Qualitativ hochwertige Drucksorten aller Art\" \/>\n<meta property=\"article:publisher\" content=\"https:\/\/www.facebook.com\/pages\/Austrianweb-Suchmaschinenoptimierung\/\" \/>\n<meta property=\"article:modified_time\" content=\"2015-09-17T18:59:19+00:00\" \/>\n<meta property=\"og:image\" content=\"https:\/\/www.austrianweb.at\/drucksorten\/wp-content\/uploads\/Magnetfolien2.jpg\" \/>\n<meta name=\"twitter:label1\" content=\"Gesch\u00e4tzte Lesezeit\" \/>\n\t<meta name=\"twitter:data1\" content=\"1\u00a0Minute\" \/>\n<script type=\"application\/ld+json\" class=\"yoast-schema-graph\">{\"@context\":\"https:\/\/schema.org\",\"@graph\":[{\"@type\":\"WebPage\",\"@id\":\"https:\/\/www.austrianweb.at\/drucksorten\/folien\/magnetfolie\/\",\"url\":\"https:\/\/www.austrianweb.at\/drucksorten\/folien\/magnetfolie\/\",\"name\":\"Magnetfolie - Qualitativ hochwertige Drucksorten aller Art\",\"isPartOf\":{\"@id\":\"https:\/\/www.austrianweb.at\/drucksorten\/#website\"},\"primaryImageOfPage\":{\"@id\":\"https:\/\/www.austrianweb.at\/drucksorten\/folien\/magnetfolie\/#primaryimage\"},\"image\":{\"@id\":\"https:\/\/www.austrianweb.at\/drucksorten\/folien\/magnetfolie\/#primaryimage\"},\"thumbnailUrl\":\"https:\/\/www.austrianweb.at\/drucksorten\/wp-content\/uploads\/Magnetfolien2.jpg\",\"datePublished\":\"2012-06-05T11:43:08+00:00\",\"dateModified\":\"2015-09-17T18:59:19+00:00\",\"breadcrumb\":{\"@id\":\"https:\/\/www.austrianweb.at\/drucksorten\/folien\/magnetfolie\/#breadcrumb\"},\"inLanguage\":\"de\",\"potentialAction\":[{\"@type\":\"ReadAction\",\"target\":[\"https:\/\/www.austrianweb.at\/drucksorten\/folien\/magnetfolie\/\"]}]},{\"@type\":\"ImageObject\",\"inLanguage\":\"de\",\"@id\":\"https:\/\/www.austrianweb.at\/drucksorten\/folien\/magnetfolie\/#primaryimage\",\"url\":\"https:\/\/www.austrianweb.at\/drucksorten\/wp-content\/uploads\/Magnetfolien2.jpg\",\"contentUrl\":\"https:\/\/www.austrianweb.at\/drucksorten\/wp-content\/uploads\/Magnetfolien2.jpg\"},{\"@type\":\"BreadcrumbList\",\"@id\":\"https:\/\/www.austrianweb.at\/drucksorten\/folien\/magnetfolie\/#breadcrumb\",\"itemListElement\":[{\"@type\":\"ListItem\",\"position\":1,\"name\":\"Folien\",\"item\":\"https:\/\/www.austrianweb.at\/drucksorten\/folien\/\"},{\"@type\":\"ListItem\",\"position\":2,\"name\":\"Magnetfolie\"}]},{\"@type\":\"WebSite\",\"@id\":\"https:\/\/www.austrianweb.at\/drucksorten\/#website\",\"url\":\"https:\/\/www.austrianweb.at\/drucksorten\/\",\"name\":\"Qualitativ hochwertige Drucksorten aller Art\",\"description\":\"Gesch\u00e4fts- u. Werbedrucksorten - Printartikel f\u00fcr Point of sale\",\"publisher\":{\"@id\":\"https:\/\/www.austrianweb.at\/drucksorten\/#organization\"},\"potentialAction\":[{\"@type\":\"SearchAction\",\"target\":{\"@type\":\"EntryPoint\",\"urlTemplate\":\"https:\/\/www.austrianweb.at\/drucksorten\/?s={search_term_string}\"},\"query-input\":\"required name=search_term_string\"}],\"inLanguage\":\"de\"},{\"@type\":\"Organization\",\"@id\":\"https:\/\/www.austrianweb.at\/drucksorten\/#organization\",\"name\":\"Austrianweb\",\"url\":\"https:\/\/www.austrianweb.at\/drucksorten\/\",\"logo\":{\"@type\":\"ImageObject\",\"inLanguage\":\"de\",\"@id\":\"https:\/\/www.austrianweb.at\/drucksorten\/#\/schema\/logo\/image\/\",\"url\":\"https:\/\/www.austrianweb.at\/drucksorten\/wp-content\/uploads\/Austrianweb-Logo-180.png\",\"contentUrl\":\"https:\/\/www.austrianweb.at\/drucksorten\/wp-content\/uploads\/Austrianweb-Logo-180.png\",\"width\":180,\"height\":209,\"caption\":\"Austrianweb\"},\"image\":{\"@id\":\"https:\/\/www.austrianweb.at\/drucksorten\/#\/schema\/logo\/image\/\"},\"sameAs\":[\"https:\/\/www.facebook.com\/pages\/Austrianweb-Suchmaschinenoptimierung\/\",\"https:\/\/x.com\/austrianweb\"]}]}<\/script>\n<!-- \/ Yoast SEO plugin. -->","yoast_head_json":{"title":"Magnetfolie - Qualitativ hochwertige Drucksorten aller Art","robots":{"index":"index","follow":"follow","max-snippet":"max-snippet:-1","max-image-preview":"max-image-preview:large","max-video-preview":"max-video-preview:-1"},"canonical":"https:\/\/www.austrianweb.at\/drucksorten\/folien\/magnetfolie\/","og_locale":"de_DE","og_type":"article","og_title":"Magnetfolie - Qualitativ hochwertige Drucksorten aller Art","og_description":"Das ist ein wirklich tolles Produkt. Die Magnetfolien \/ \u00a0Magnetschilder eignet sich hervorragend f\u00fcr &#8222;vor\u00fcbergehende&#8220; KFZ Beschriftungen. So l\u00e4sst sich Ihr Fahrzeug als Werbefl\u00e4che mit den praktischen Magnettafeln als Werbefl\u00e4che nutzen. Ist die Werbung am Auto nicht mehr erw\u00fcnscht einfach die Magnetfolie (r\u00fcckstandsfrei und ohne Werkzeug) einfach abnehmen &#8211; fertig und Sie haben wieder Ihren [&hellip;]","og_url":"https:\/\/www.austrianweb.at\/drucksorten\/folien\/magnetfolie\/","og_site_name":"Qualitativ hochwertige Drucksorten aller Art","article_publisher":"https:\/\/www.facebook.com\/pages\/Austrianweb-Suchmaschinenoptimierung\/","article_modified_time":"2015-09-17T18:59:19+00:00","og_image":[{"url":"https:\/\/www.austrianweb.at\/drucksorten\/wp-content\/uploads\/Magnetfolien2.jpg"}],"twitter_misc":{"Gesch\u00e4tzte Lesezeit":"1\u00a0Minute"},"schema":{"@context":"https:\/\/schema.org","@graph":[{"@type":"WebPage","@id":"https:\/\/www.austrianweb.at\/drucksorten\/folien\/magnetfolie\/","url":"https:\/\/www.austrianweb.at\/drucksorten\/folien\/magnetfolie\/","name":"Magnetfolie - Qualitativ hochwertige Drucksorten aller Art","isPartOf":{"@id":"https:\/\/www.austrianweb.at\/drucksorten\/#website"},"primaryImageOfPage":{"@id":"https:\/\/www.austrianweb.at\/drucksorten\/folien\/magnetfolie\/#primaryimage"},"image":{"@id":"https:\/\/www.austrianweb.at\/drucksorten\/folien\/magnetfolie\/#primaryimage"},"thumbnailUrl":"https:\/\/www.austrianweb.at\/drucksorten\/wp-content\/uploads\/Magnetfolien2.jpg","datePublished":"2012-06-05T11:43:08+00:00","dateModified":"2015-09-17T18:59:19+00:00","breadcrumb":{"@id":"https:\/\/www.austrianweb.at\/drucksorten\/folien\/magnetfolie\/#breadcrumb"},"inLanguage":"de","potentialAction":[{"@type":"ReadAction","target":["https:\/\/www.austrianweb.at\/drucksorten\/folien\/magnetfolie\/"]}]},{"@type":"ImageObject","inLanguage":"de","@id":"https:\/\/www.austrianweb.at\/drucksorten\/folien\/magnetfolie\/#primaryimage","url":"https:\/\/www.austrianweb.at\/drucksorten\/wp-content\/uploads\/Magnetfolien2.jpg","contentUrl":"https:\/\/www.austrianweb.at\/drucksorten\/wp-content\/uploads\/Magnetfolien2.jpg"},{"@type":"BreadcrumbList","@id":"https:\/\/www.austrianweb.at\/drucksorten\/folien\/magnetfolie\/#breadcrumb","itemListElement":[{"@type":"ListItem","position":1,"name":"Folien","item":"https:\/\/www.austrianweb.at\/drucksorten\/folien\/"},{"@type":"ListItem","position":2,"name":"Magnetfolie"}]},{"@type":"WebSite","@id":"https:\/\/www.austrianweb.at\/drucksorten\/#website","url":"https:\/\/www.austrianweb.at\/drucksorten\/","name":"Qualitativ hochwertige Drucksorten aller Art","description":"Gesch\u00e4fts- u. Werbedrucksorten - Printartikel f\u00fcr Point of sale","publisher":{"@id":"https:\/\/www.austrianweb.at\/drucksorten\/#organization"},"potentialAction":[{"@type":"SearchAction","target":{"@type":"EntryPoint","urlTemplate":"https:\/\/www.austrianweb.at\/drucksorten\/?s={search_term_string}"},"query-input":"required name=search_term_string"}],"inLanguage":"de"},{"@type":"Organization","@id":"https:\/\/www.austrianweb.at\/drucksorten\/#organization","name":"Austrianweb","url":"https:\/\/www.austrianweb.at\/drucksorten\/","logo":{"@type":"ImageObject","inLanguage":"de","@id":"https:\/\/www.austrianweb.at\/drucksorten\/#\/schema\/logo\/image\/","url":"https:\/\/www.austrianweb.at\/drucksorten\/wp-content\/uploads\/Austrianweb-Logo-180.png","contentUrl":"https:\/\/www.austrianweb.at\/drucksorten\/wp-content\/uploads\/Austrianweb-Logo-180.png","width":180,"height":209,"caption":"Austrianweb"},"image":{"@id":"https:\/\/www.austrianweb.at\/drucksorten\/#\/schema\/logo\/image\/"},"sameAs":["https:\/\/www.facebook.com\/pages\/Austrianweb-Suchmaschinenoptimierung\/","https:\/\/x.com\/austrianweb"]}]}},"_links":{"self":[{"href":"https:\/\/www.austrianweb.at\/drucksorten\/wp-json\/wp\/v2\/pages\/698"}],"collection":[{"href":"https:\/\/www.austrianweb.at\/drucksorten\/wp-json\/wp\/v2\/pages"}],"about":[{"href":"https:\/\/www.austrianweb.at\/drucksorten\/wp-json\/wp\/v2\/types\/page"}],"author":[{"embeddable":true,"href":"https:\/\/www.austrianweb.at\/drucksorten\/wp-json\/wp\/v2\/users\/1"}],"replies":[{"embeddable":true,"href":"https:\/\/www.austrianweb.at\/drucksorten\/wp-json\/wp\/v2\/comments?post=698"}],"version-history":[{"count":1,"href":"https:\/\/www.austrianweb.at\/drucksorten\/wp-json\/wp\/v2\/pages\/698\/revisions"}],"predecessor-version":[{"id":3212,"href":"https:\/\/www.austrianweb.at\/drucksorten\/wp-json\/wp\/v2\/pages\/698\/revisions\/3212"}],"up":[{"embeddable":true,"href":"https:\/\/www.austrianweb.at\/drucksorten\/wp-json\/wp\/v2\/pages\/91"}],"wp:attachment":[{"href":"https:\/\/www.austrianweb.at\/drucksorten\/wp-json\/wp\/v2\/media?parent=698"}],"curies":[{"name":"wp","href":"https:\/\/api.w.org\/{rel}","templated":true}]}}