{"id":693,"date":"2012-06-05T11:41:29","date_gmt":"2012-06-05T11:41:29","guid":{"rendered":"http:\/\/www.austrianweb.at\/drucksorten\/wordpress\/?page_id=693"},"modified":"2017-03-15T15:13:20","modified_gmt":"2017-03-15T15:13:20","slug":"bierdeckel","status":"publish","type":"page","link":"https:\/\/www.austrianweb.at\/drucksorten\/event-u-lokal\/bierdeckel\/","title":{"rendered":"Bierdeckel"},"content":{"rendered":"<p><a href=\"https:\/\/www.austrianweb.at\/drucksorten\/wp-content\/uploads\/Untersetzer.png\"><img decoding=\"async\" loading=\"lazy\" class=\"alignright size-thumbnail wp-image-2348\" title=\"Bierdeckel auch in Konturschnitt\" alt=\"Untersetzer\" src=\"https:\/\/www.austrianweb.at\/drucksorten\/wp-content\/uploads\/Untersetzer-150x150.png\" width=\"150\" height=\"150\" \/><\/a>Auff\u00e4llig und praktisch sind individuell bedruckte bzw. geformte Bierdeckel. Diese sind nicht nur f\u00fcr den eigentlichen Zweck eines Bierdeckels geeignet sondern man kann dies z.B. auch als originelle Einladung zum &#8222;50iger&#8220; oder \u00e4hnliches versenden. Auch eine tolle Geschenkidee &#8230;&#8230;&#8230;..<\/p>\n<p>Es sind hier echte Bierdeckel aus saugf\u00e4higer 1,4mm Bierfilzpappe, doppelseitig randabfallend mit Ihrer Wunschwerbung\u00a0bedruckt<\/p>\n<p>Format etwa 93 x 93 mm (bitte beachten Sie, dass Sie bei der Vorlage 2mm \u00dcberf\u00fcller einplanen und keine wichtigen Bildteile oder gar Text am Rand platzieren. Aus technischen Gr\u00fcnden kann es zu einem Versatz von bis zu 2mm auf der R\u00fcckseite kommen.<\/p>\n<p>Und jetzt ganz neu NEU:\u00a0Bierdeckel in beliebiger Form bis max. 95 x 95 mm.<\/p>\n<p><strong>M\u00f6gliche Formen:<\/strong><\/p>\n<ul>\n<li>Freiform<\/li>\n<li>quadratisch<\/li>\n<li>rund<\/li>\n<li>rund mit Schleife<\/li>\n<li>quadratisch negativ abgerundet<\/li>\n<li>Blume<\/li>\n<li>Herz<\/li>\n<li>Sprechblase<\/li>\n<li>Kleeblatt<\/li>\n<li>Wunschform<\/li>\n<\/ul>\n<p style=\"text-align: center;\"><a href=\"https:\/\/www.austrianweb.at\/drucksorten\/wp-content\/uploads\/Bierdeckel.png\"><img decoding=\"async\" loading=\"lazy\" class=\"aligncenter size-medium wp-image-2349\" title=\"Untersetzer\" alt=\"Bierdeckel\" src=\"https:\/\/www.austrianweb.at\/drucksorten\/wp-content\/uploads\/Bierdeckel-490x422.png\" width=\"490\" height=\"422\" \/><\/a><\/p>\n","protected":false},"excerpt":{"rendered":"<p>Auff\u00e4llig und praktisch sind individuell bedruckte bzw. geformte Bierdeckel. Diese sind nicht nur f\u00fcr den eigentlichen Zweck eines Bierdeckels geeignet sondern man kann dies z.B. auch als originelle Einladung zum &#8222;50iger&#8220; oder \u00e4hnliches versenden. Auch eine tolle Geschenkidee &#8230;&#8230;&#8230;.. Es sind hier echte Bierdeckel aus saugf\u00e4higer 1,4mm Bierfilzpappe, doppelseitig randabfallend mit Ihrer Wunschwerbung\u00a0bedruckt Format etwa [&hellip;]<\/p>\n","protected":false},"author":1,"featured_media":0,"parent":691,"menu_order":0,"comment_status":"closed","ping_status":"open","template":"","meta":{"footnotes":""},"yoast_head":"<!-- This site is optimized with the Yoast SEO plugin v22.5 - https:\/\/yoast.com\/wordpress\/plugins\/seo\/ -->\n<title>Bierdeckel - Qualitativ hochwertige Drucksorten aller Art<\/title>\n<meta name=\"robots\" content=\"index, follow, max-snippet:-1, max-image-preview:large, max-video-preview:-1\" \/>\n<link rel=\"canonical\" href=\"https:\/\/www.austrianweb.at\/drucksorten\/event-u-lokal\/bierdeckel\/\" \/>\n<meta property=\"og:locale\" content=\"de_DE\" \/>\n<meta property=\"og:type\" content=\"article\" \/>\n<meta property=\"og:title\" content=\"Bierdeckel - Qualitativ hochwertige Drucksorten aller Art\" \/>\n<meta property=\"og:description\" content=\"Auff\u00e4llig und praktisch sind individuell bedruckte bzw. geformte Bierdeckel. Diese sind nicht nur f\u00fcr den eigentlichen Zweck eines Bierdeckels geeignet sondern man kann dies z.B. auch als originelle Einladung zum &#8222;50iger&#8220; oder \u00e4hnliches versenden. Auch eine tolle Geschenkidee &#8230;&#8230;&#8230;.. Es sind hier echte Bierdeckel aus saugf\u00e4higer 1,4mm Bierfilzpappe, doppelseitig randabfallend mit Ihrer Wunschwerbung\u00a0bedruckt Format etwa [&hellip;]\" \/>\n<meta property=\"og:url\" content=\"https:\/\/www.austrianweb.at\/drucksorten\/event-u-lokal\/bierdeckel\/\" \/>\n<meta property=\"og:site_name\" content=\"Qualitativ hochwertige Drucksorten aller Art\" \/>\n<meta property=\"article:publisher\" content=\"https:\/\/www.facebook.com\/pages\/Austrianweb-Suchmaschinenoptimierung\/\" \/>\n<meta property=\"article:modified_time\" content=\"2017-03-15T15:13:20+00:00\" \/>\n<meta property=\"og:image\" content=\"https:\/\/www.austrianweb.at\/drucksorten\/wp-content\/uploads\/Untersetzer-150x150.png\" \/>\n<meta name=\"twitter:label1\" content=\"Gesch\u00e4tzte Lesezeit\" \/>\n\t<meta name=\"twitter:data1\" content=\"1\u00a0Minute\" \/>\n<script type=\"application\/ld+json\" class=\"yoast-schema-graph\">{\"@context\":\"https:\/\/schema.org\",\"@graph\":[{\"@type\":\"WebPage\",\"@id\":\"https:\/\/www.austrianweb.at\/drucksorten\/event-u-lokal\/bierdeckel\/\",\"url\":\"https:\/\/www.austrianweb.at\/drucksorten\/event-u-lokal\/bierdeckel\/\",\"name\":\"Bierdeckel - Qualitativ hochwertige Drucksorten aller Art\",\"isPartOf\":{\"@id\":\"https:\/\/www.austrianweb.at\/drucksorten\/#website\"},\"primaryImageOfPage\":{\"@id\":\"https:\/\/www.austrianweb.at\/drucksorten\/event-u-lokal\/bierdeckel\/#primaryimage\"},\"image\":{\"@id\":\"https:\/\/www.austrianweb.at\/drucksorten\/event-u-lokal\/bierdeckel\/#primaryimage\"},\"thumbnailUrl\":\"https:\/\/www.austrianweb.at\/drucksorten\/wp-content\/uploads\/Untersetzer-150x150.png\",\"datePublished\":\"2012-06-05T11:41:29+00:00\",\"dateModified\":\"2017-03-15T15:13:20+00:00\",\"breadcrumb\":{\"@id\":\"https:\/\/www.austrianweb.at\/drucksorten\/event-u-lokal\/bierdeckel\/#breadcrumb\"},\"inLanguage\":\"de\",\"potentialAction\":[{\"@type\":\"ReadAction\",\"target\":[\"https:\/\/www.austrianweb.at\/drucksorten\/event-u-lokal\/bierdeckel\/\"]}]},{\"@type\":\"ImageObject\",\"inLanguage\":\"de\",\"@id\":\"https:\/\/www.austrianweb.at\/drucksorten\/event-u-lokal\/bierdeckel\/#primaryimage\",\"url\":\"https:\/\/www.austrianweb.at\/drucksorten\/wp-content\/uploads\/Untersetzer-150x150.png\",\"contentUrl\":\"https:\/\/www.austrianweb.at\/drucksorten\/wp-content\/uploads\/Untersetzer-150x150.png\"},{\"@type\":\"BreadcrumbList\",\"@id\":\"https:\/\/www.austrianweb.at\/drucksorten\/event-u-lokal\/bierdeckel\/#breadcrumb\",\"itemListElement\":[{\"@type\":\"ListItem\",\"position\":1,\"name\":\"Event u. Lokal\",\"item\":\"https:\/\/www.austrianweb.at\/drucksorten\/event-u-lokal\/\"},{\"@type\":\"ListItem\",\"position\":2,\"name\":\"Bierdeckel\"}]},{\"@type\":\"WebSite\",\"@id\":\"https:\/\/www.austrianweb.at\/drucksorten\/#website\",\"url\":\"https:\/\/www.austrianweb.at\/drucksorten\/\",\"name\":\"Qualitativ hochwertige Drucksorten aller Art\",\"description\":\"Gesch\u00e4fts- u. Werbedrucksorten - Printartikel f\u00fcr Point of sale\",\"publisher\":{\"@id\":\"https:\/\/www.austrianweb.at\/drucksorten\/#organization\"},\"potentialAction\":[{\"@type\":\"SearchAction\",\"target\":{\"@type\":\"EntryPoint\",\"urlTemplate\":\"https:\/\/www.austrianweb.at\/drucksorten\/?s={search_term_string}\"},\"query-input\":\"required name=search_term_string\"}],\"inLanguage\":\"de\"},{\"@type\":\"Organization\",\"@id\":\"https:\/\/www.austrianweb.at\/drucksorten\/#organization\",\"name\":\"Austrianweb\",\"url\":\"https:\/\/www.austrianweb.at\/drucksorten\/\",\"logo\":{\"@type\":\"ImageObject\",\"inLanguage\":\"de\",\"@id\":\"https:\/\/www.austrianweb.at\/drucksorten\/#\/schema\/logo\/image\/\",\"url\":\"https:\/\/www.austrianweb.at\/drucksorten\/wp-content\/uploads\/Austrianweb-Logo-180.png\",\"contentUrl\":\"https:\/\/www.austrianweb.at\/drucksorten\/wp-content\/uploads\/Austrianweb-Logo-180.png\",\"width\":180,\"height\":209,\"caption\":\"Austrianweb\"},\"image\":{\"@id\":\"https:\/\/www.austrianweb.at\/drucksorten\/#\/schema\/logo\/image\/\"},\"sameAs\":[\"https:\/\/www.facebook.com\/pages\/Austrianweb-Suchmaschinenoptimierung\/\",\"https:\/\/x.com\/austrianweb\"]}]}<\/script>\n<!-- \/ Yoast SEO plugin. -->","yoast_head_json":{"title":"Bierdeckel - Qualitativ hochwertige Drucksorten aller Art","robots":{"index":"index","follow":"follow","max-snippet":"max-snippet:-1","max-image-preview":"max-image-preview:large","max-video-preview":"max-video-preview:-1"},"canonical":"https:\/\/www.austrianweb.at\/drucksorten\/event-u-lokal\/bierdeckel\/","og_locale":"de_DE","og_type":"article","og_title":"Bierdeckel - Qualitativ hochwertige Drucksorten aller Art","og_description":"Auff\u00e4llig und praktisch sind individuell bedruckte bzw. geformte Bierdeckel. Diese sind nicht nur f\u00fcr den eigentlichen Zweck eines Bierdeckels geeignet sondern man kann dies z.B. auch als originelle Einladung zum &#8222;50iger&#8220; oder \u00e4hnliches versenden. Auch eine tolle Geschenkidee &#8230;&#8230;&#8230;.. Es sind hier echte Bierdeckel aus saugf\u00e4higer 1,4mm Bierfilzpappe, doppelseitig randabfallend mit Ihrer Wunschwerbung\u00a0bedruckt Format etwa [&hellip;]","og_url":"https:\/\/www.austrianweb.at\/drucksorten\/event-u-lokal\/bierdeckel\/","og_site_name":"Qualitativ hochwertige Drucksorten aller Art","article_publisher":"https:\/\/www.facebook.com\/pages\/Austrianweb-Suchmaschinenoptimierung\/","article_modified_time":"2017-03-15T15:13:20+00:00","og_image":[{"url":"https:\/\/www.austrianweb.at\/drucksorten\/wp-content\/uploads\/Untersetzer-150x150.png"}],"twitter_misc":{"Gesch\u00e4tzte Lesezeit":"1\u00a0Minute"},"schema":{"@context":"https:\/\/schema.org","@graph":[{"@type":"WebPage","@id":"https:\/\/www.austrianweb.at\/drucksorten\/event-u-lokal\/bierdeckel\/","url":"https:\/\/www.austrianweb.at\/drucksorten\/event-u-lokal\/bierdeckel\/","name":"Bierdeckel - Qualitativ hochwertige Drucksorten aller Art","isPartOf":{"@id":"https:\/\/www.austrianweb.at\/drucksorten\/#website"},"primaryImageOfPage":{"@id":"https:\/\/www.austrianweb.at\/drucksorten\/event-u-lokal\/bierdeckel\/#primaryimage"},"image":{"@id":"https:\/\/www.austrianweb.at\/drucksorten\/event-u-lokal\/bierdeckel\/#primaryimage"},"thumbnailUrl":"https:\/\/www.austrianweb.at\/drucksorten\/wp-content\/uploads\/Untersetzer-150x150.png","datePublished":"2012-06-05T11:41:29+00:00","dateModified":"2017-03-15T15:13:20+00:00","breadcrumb":{"@id":"https:\/\/www.austrianweb.at\/drucksorten\/event-u-lokal\/bierdeckel\/#breadcrumb"},"inLanguage":"de","potentialAction":[{"@type":"ReadAction","target":["https:\/\/www.austrianweb.at\/drucksorten\/event-u-lokal\/bierdeckel\/"]}]},{"@type":"ImageObject","inLanguage":"de","@id":"https:\/\/www.austrianweb.at\/drucksorten\/event-u-lokal\/bierdeckel\/#primaryimage","url":"https:\/\/www.austrianweb.at\/drucksorten\/wp-content\/uploads\/Untersetzer-150x150.png","contentUrl":"https:\/\/www.austrianweb.at\/drucksorten\/wp-content\/uploads\/Untersetzer-150x150.png"},{"@type":"BreadcrumbList","@id":"https:\/\/www.austrianweb.at\/drucksorten\/event-u-lokal\/bierdeckel\/#breadcrumb","itemListElement":[{"@type":"ListItem","position":1,"name":"Event u. Lokal","item":"https:\/\/www.austrianweb.at\/drucksorten\/event-u-lokal\/"},{"@type":"ListItem","position":2,"name":"Bierdeckel"}]},{"@type":"WebSite","@id":"https:\/\/www.austrianweb.at\/drucksorten\/#website","url":"https:\/\/www.austrianweb.at\/drucksorten\/","name":"Qualitativ hochwertige Drucksorten aller Art","description":"Gesch\u00e4fts- u. Werbedrucksorten - Printartikel f\u00fcr Point of sale","publisher":{"@id":"https:\/\/www.austrianweb.at\/drucksorten\/#organization"},"potentialAction":[{"@type":"SearchAction","target":{"@type":"EntryPoint","urlTemplate":"https:\/\/www.austrianweb.at\/drucksorten\/?s={search_term_string}"},"query-input":"required name=search_term_string"}],"inLanguage":"de"},{"@type":"Organization","@id":"https:\/\/www.austrianweb.at\/drucksorten\/#organization","name":"Austrianweb","url":"https:\/\/www.austrianweb.at\/drucksorten\/","logo":{"@type":"ImageObject","inLanguage":"de","@id":"https:\/\/www.austrianweb.at\/drucksorten\/#\/schema\/logo\/image\/","url":"https:\/\/www.austrianweb.at\/drucksorten\/wp-content\/uploads\/Austrianweb-Logo-180.png","contentUrl":"https:\/\/www.austrianweb.at\/drucksorten\/wp-content\/uploads\/Austrianweb-Logo-180.png","width":180,"height":209,"caption":"Austrianweb"},"image":{"@id":"https:\/\/www.austrianweb.at\/drucksorten\/#\/schema\/logo\/image\/"},"sameAs":["https:\/\/www.facebook.com\/pages\/Austrianweb-Suchmaschinenoptimierung\/","https:\/\/x.com\/austrianweb"]}]}},"_links":{"self":[{"href":"https:\/\/www.austrianweb.at\/drucksorten\/wp-json\/wp\/v2\/pages\/693"}],"collection":[{"href":"https:\/\/www.austrianweb.at\/drucksorten\/wp-json\/wp\/v2\/pages"}],"about":[{"href":"https:\/\/www.austrianweb.at\/drucksorten\/wp-json\/wp\/v2\/types\/page"}],"author":[{"embeddable":true,"href":"https:\/\/www.austrianweb.at\/drucksorten\/wp-json\/wp\/v2\/users\/1"}],"replies":[{"embeddable":true,"href":"https:\/\/www.austrianweb.at\/drucksorten\/wp-json\/wp\/v2\/comments?post=693"}],"version-history":[{"count":1,"href":"https:\/\/www.austrianweb.at\/drucksorten\/wp-json\/wp\/v2\/pages\/693\/revisions"}],"predecessor-version":[{"id":3020,"href":"https:\/\/www.austrianweb.at\/drucksorten\/wp-json\/wp\/v2\/pages\/693\/revisions\/3020"}],"up":[{"embeddable":true,"href":"https:\/\/www.austrianweb.at\/drucksorten\/wp-json\/wp\/v2\/pages\/691"}],"wp:attachment":[{"href":"https:\/\/www.austrianweb.at\/drucksorten\/wp-json\/wp\/v2\/media?parent=693"}],"curies":[{"name":"wp","href":"https:\/\/api.w.org\/{rel}","templated":true}]}}