{"id":688,"date":"2012-06-05T11:38:20","date_gmt":"2012-06-05T11:38:20","guid":{"rendered":"http:\/\/www.austrianweb.at\/drucksorten\/wordpress\/?page_id=688"},"modified":"2017-03-15T15:13:20","modified_gmt":"2017-03-15T15:13:20","slug":"wave","status":"publish","type":"page","link":"https:\/\/www.austrianweb.at\/drucksorten\/display\/wave\/","title":{"rendered":"Wave Displays"},"content":{"rendered":"<p>3 Formate f\u00fcr vielf\u00e4ltige Einsatzm\u00f6glichkeiten<\/p>\n<p>Umweltfreundliches Display aus 100% Karton!<\/p>\n<p>Man baut es \u00a0schnell und unkompliziert mit nur wenigen Handgriffen auf. Besonders leichte Kartonwelle 4c individuell bedruckt!<\/p>\n<p><strong>Wave Kartondisplays gro\u00df<\/strong><\/p>\n<ul>\n<li>4 mm Karton-Doppelwelle (E\/D) einseitig 4c bedruckt<\/li>\n<li>1.850 mm hoch<\/li>\n<li>gebogene Displayform<\/li>\n<li>wirklich sehr geringes Gewicht<\/li>\n<li>nat\u00fcrlich selbststehend durch eine r\u00fcckseitige Faltverriegelung<\/li>\n<\/ul>\n<p><strong>Wave Kartondisplays klein<\/strong><\/p>\n<ul>\n<li>1,6 mm Kartonwelle (E) einseitig 4c bedruckt<\/li>\n<li>940 mm hoch<\/li>\n<li>gebogene Displayform<\/li>\n<li>wirklich sehr geringes Gewicht<\/li>\n<li>nat\u00fcrlich selbststehend durch r\u00fcckseitige Faltverriegelung<\/li>\n<\/ul>\n<p><strong>Tischaufsteller Wave-Mini<\/strong><\/p>\n<ul>\n<li>1,6 mm Kartonwelle (E) einseitig 4c bedruckt<\/li>\n<li>Werbefl\u00e4che in etwa A4 gro\u00df<\/li>\n<li>gebogene Displayform<\/li>\n<li>wirklich ehr geringes Gewicht<\/li>\n<li>nat\u00fcrlich selbststehend durch r\u00fcckseitige Faltverriegelung<\/li>\n<\/ul>\n<p><img decoding=\"async\" loading=\"lazy\" class=\"aligncenter wp-image-929 size-full\" title=\"Wave Kartondisplay gro\u00df\" src=\"https:\/\/www.austrianweb.at\/drucksorten\/wp-content\/uploads\/Kartondisplay-Wave.jpg\" alt=\"\" width=\"224\" height=\"330\" \/><\/p>\n<p>Das Wave Kartondisplay besticht durch die einfache Handhabung ohne Klebestreifen. Es kann dadurch nach Bedarf ab- und aufgebaut werden. Ideal um die Aufmerksamkeit Ihres Verkaufs- oder Messestandes zu erh\u00f6hen.<\/p>\n","protected":false},"excerpt":{"rendered":"<p>3 Formate f\u00fcr vielf\u00e4ltige Einsatzm\u00f6glichkeiten Umweltfreundliches Display aus 100% Karton! Man baut es \u00a0schnell und unkompliziert mit nur wenigen Handgriffen auf. Besonders leichte Kartonwelle 4c individuell bedruckt! Wave Kartondisplays gro\u00df 4 mm Karton-Doppelwelle (E\/D) einseitig 4c bedruckt 1.850 mm hoch gebogene Displayform wirklich sehr geringes Gewicht nat\u00fcrlich selbststehend durch eine r\u00fcckseitige Faltverriegelung Wave Kartondisplays klein [&hellip;]<\/p>\n","protected":false},"author":1,"featured_media":0,"parent":143,"menu_order":0,"comment_status":"closed","ping_status":"open","template":"","meta":{"footnotes":""},"yoast_head":"<!-- This site is optimized with the Yoast SEO plugin v22.5 - https:\/\/yoast.com\/wordpress\/plugins\/seo\/ -->\n<title>Wave Displays - Qualitativ hochwertige Drucksorten aller Art<\/title>\n<meta name=\"robots\" content=\"index, follow, max-snippet:-1, max-image-preview:large, max-video-preview:-1\" \/>\n<link rel=\"canonical\" href=\"https:\/\/www.austrianweb.at\/drucksorten\/display\/wave\/\" \/>\n<meta property=\"og:locale\" content=\"de_DE\" \/>\n<meta property=\"og:type\" content=\"article\" \/>\n<meta property=\"og:title\" content=\"Wave Displays - Qualitativ hochwertige Drucksorten aller Art\" \/>\n<meta property=\"og:description\" content=\"3 Formate f\u00fcr vielf\u00e4ltige Einsatzm\u00f6glichkeiten Umweltfreundliches Display aus 100% Karton! Man baut es \u00a0schnell und unkompliziert mit nur wenigen Handgriffen auf. Besonders leichte Kartonwelle 4c individuell bedruckt! Wave Kartondisplays gro\u00df 4 mm Karton-Doppelwelle (E\/D) einseitig 4c bedruckt 1.850 mm hoch gebogene Displayform wirklich sehr geringes Gewicht nat\u00fcrlich selbststehend durch eine r\u00fcckseitige Faltverriegelung Wave Kartondisplays klein [&hellip;]\" \/>\n<meta property=\"og:url\" content=\"https:\/\/www.austrianweb.at\/drucksorten\/display\/wave\/\" \/>\n<meta property=\"og:site_name\" content=\"Qualitativ hochwertige Drucksorten aller Art\" \/>\n<meta property=\"article:publisher\" content=\"https:\/\/www.facebook.com\/pages\/Austrianweb-Suchmaschinenoptimierung\/\" \/>\n<meta property=\"article:modified_time\" content=\"2017-03-15T15:13:20+00:00\" \/>\n<meta property=\"og:image\" content=\"https:\/\/www.austrianweb.at\/drucksorten\/wp-content\/uploads\/Kartondisplay-Wave.jpg\" \/>\n<meta name=\"twitter:label1\" content=\"Gesch\u00e4tzte Lesezeit\" \/>\n\t<meta name=\"twitter:data1\" content=\"1\u00a0Minute\" \/>\n<script type=\"application\/ld+json\" class=\"yoast-schema-graph\">{\"@context\":\"https:\/\/schema.org\",\"@graph\":[{\"@type\":\"WebPage\",\"@id\":\"https:\/\/www.austrianweb.at\/drucksorten\/display\/wave\/\",\"url\":\"https:\/\/www.austrianweb.at\/drucksorten\/display\/wave\/\",\"name\":\"Wave Displays - Qualitativ hochwertige Drucksorten aller Art\",\"isPartOf\":{\"@id\":\"https:\/\/www.austrianweb.at\/drucksorten\/#website\"},\"primaryImageOfPage\":{\"@id\":\"https:\/\/www.austrianweb.at\/drucksorten\/display\/wave\/#primaryimage\"},\"image\":{\"@id\":\"https:\/\/www.austrianweb.at\/drucksorten\/display\/wave\/#primaryimage\"},\"thumbnailUrl\":\"https:\/\/www.austrianweb.at\/drucksorten\/wp-content\/uploads\/Kartondisplay-Wave.jpg\",\"datePublished\":\"2012-06-05T11:38:20+00:00\",\"dateModified\":\"2017-03-15T15:13:20+00:00\",\"breadcrumb\":{\"@id\":\"https:\/\/www.austrianweb.at\/drucksorten\/display\/wave\/#breadcrumb\"},\"inLanguage\":\"de\",\"potentialAction\":[{\"@type\":\"ReadAction\",\"target\":[\"https:\/\/www.austrianweb.at\/drucksorten\/display\/wave\/\"]}]},{\"@type\":\"ImageObject\",\"inLanguage\":\"de\",\"@id\":\"https:\/\/www.austrianweb.at\/drucksorten\/display\/wave\/#primaryimage\",\"url\":\"https:\/\/www.austrianweb.at\/drucksorten\/wp-content\/uploads\/Kartondisplay-Wave.jpg\",\"contentUrl\":\"https:\/\/www.austrianweb.at\/drucksorten\/wp-content\/uploads\/Kartondisplay-Wave.jpg\"},{\"@type\":\"BreadcrumbList\",\"@id\":\"https:\/\/www.austrianweb.at\/drucksorten\/display\/wave\/#breadcrumb\",\"itemListElement\":[{\"@type\":\"ListItem\",\"position\":1,\"name\":\"Display\u00b4s\",\"item\":\"https:\/\/www.austrianweb.at\/drucksorten\/display\/\"},{\"@type\":\"ListItem\",\"position\":2,\"name\":\"Wave Displays\"}]},{\"@type\":\"WebSite\",\"@id\":\"https:\/\/www.austrianweb.at\/drucksorten\/#website\",\"url\":\"https:\/\/www.austrianweb.at\/drucksorten\/\",\"name\":\"Qualitativ hochwertige Drucksorten aller Art\",\"description\":\"Gesch\u00e4fts- u. Werbedrucksorten - Printartikel f\u00fcr Point of sale\",\"publisher\":{\"@id\":\"https:\/\/www.austrianweb.at\/drucksorten\/#organization\"},\"potentialAction\":[{\"@type\":\"SearchAction\",\"target\":{\"@type\":\"EntryPoint\",\"urlTemplate\":\"https:\/\/www.austrianweb.at\/drucksorten\/?s={search_term_string}\"},\"query-input\":\"required name=search_term_string\"}],\"inLanguage\":\"de\"},{\"@type\":\"Organization\",\"@id\":\"https:\/\/www.austrianweb.at\/drucksorten\/#organization\",\"name\":\"Austrianweb\",\"url\":\"https:\/\/www.austrianweb.at\/drucksorten\/\",\"logo\":{\"@type\":\"ImageObject\",\"inLanguage\":\"de\",\"@id\":\"https:\/\/www.austrianweb.at\/drucksorten\/#\/schema\/logo\/image\/\",\"url\":\"https:\/\/www.austrianweb.at\/drucksorten\/wp-content\/uploads\/Austrianweb-Logo-180.png\",\"contentUrl\":\"https:\/\/www.austrianweb.at\/drucksorten\/wp-content\/uploads\/Austrianweb-Logo-180.png\",\"width\":180,\"height\":209,\"caption\":\"Austrianweb\"},\"image\":{\"@id\":\"https:\/\/www.austrianweb.at\/drucksorten\/#\/schema\/logo\/image\/\"},\"sameAs\":[\"https:\/\/www.facebook.com\/pages\/Austrianweb-Suchmaschinenoptimierung\/\",\"https:\/\/x.com\/austrianweb\"]}]}<\/script>\n<!-- \/ Yoast SEO plugin. -->","yoast_head_json":{"title":"Wave Displays - Qualitativ hochwertige Drucksorten aller Art","robots":{"index":"index","follow":"follow","max-snippet":"max-snippet:-1","max-image-preview":"max-image-preview:large","max-video-preview":"max-video-preview:-1"},"canonical":"https:\/\/www.austrianweb.at\/drucksorten\/display\/wave\/","og_locale":"de_DE","og_type":"article","og_title":"Wave Displays - Qualitativ hochwertige Drucksorten aller Art","og_description":"3 Formate f\u00fcr vielf\u00e4ltige Einsatzm\u00f6glichkeiten Umweltfreundliches Display aus 100% Karton! Man baut es \u00a0schnell und unkompliziert mit nur wenigen Handgriffen auf. Besonders leichte Kartonwelle 4c individuell bedruckt! Wave Kartondisplays gro\u00df 4 mm Karton-Doppelwelle (E\/D) einseitig 4c bedruckt 1.850 mm hoch gebogene Displayform wirklich sehr geringes Gewicht nat\u00fcrlich selbststehend durch eine r\u00fcckseitige Faltverriegelung Wave Kartondisplays klein [&hellip;]","og_url":"https:\/\/www.austrianweb.at\/drucksorten\/display\/wave\/","og_site_name":"Qualitativ hochwertige Drucksorten aller Art","article_publisher":"https:\/\/www.facebook.com\/pages\/Austrianweb-Suchmaschinenoptimierung\/","article_modified_time":"2017-03-15T15:13:20+00:00","og_image":[{"url":"https:\/\/www.austrianweb.at\/drucksorten\/wp-content\/uploads\/Kartondisplay-Wave.jpg"}],"twitter_misc":{"Gesch\u00e4tzte Lesezeit":"1\u00a0Minute"},"schema":{"@context":"https:\/\/schema.org","@graph":[{"@type":"WebPage","@id":"https:\/\/www.austrianweb.at\/drucksorten\/display\/wave\/","url":"https:\/\/www.austrianweb.at\/drucksorten\/display\/wave\/","name":"Wave Displays - Qualitativ hochwertige Drucksorten aller Art","isPartOf":{"@id":"https:\/\/www.austrianweb.at\/drucksorten\/#website"},"primaryImageOfPage":{"@id":"https:\/\/www.austrianweb.at\/drucksorten\/display\/wave\/#primaryimage"},"image":{"@id":"https:\/\/www.austrianweb.at\/drucksorten\/display\/wave\/#primaryimage"},"thumbnailUrl":"https:\/\/www.austrianweb.at\/drucksorten\/wp-content\/uploads\/Kartondisplay-Wave.jpg","datePublished":"2012-06-05T11:38:20+00:00","dateModified":"2017-03-15T15:13:20+00:00","breadcrumb":{"@id":"https:\/\/www.austrianweb.at\/drucksorten\/display\/wave\/#breadcrumb"},"inLanguage":"de","potentialAction":[{"@type":"ReadAction","target":["https:\/\/www.austrianweb.at\/drucksorten\/display\/wave\/"]}]},{"@type":"ImageObject","inLanguage":"de","@id":"https:\/\/www.austrianweb.at\/drucksorten\/display\/wave\/#primaryimage","url":"https:\/\/www.austrianweb.at\/drucksorten\/wp-content\/uploads\/Kartondisplay-Wave.jpg","contentUrl":"https:\/\/www.austrianweb.at\/drucksorten\/wp-content\/uploads\/Kartondisplay-Wave.jpg"},{"@type":"BreadcrumbList","@id":"https:\/\/www.austrianweb.at\/drucksorten\/display\/wave\/#breadcrumb","itemListElement":[{"@type":"ListItem","position":1,"name":"Display\u00b4s","item":"https:\/\/www.austrianweb.at\/drucksorten\/display\/"},{"@type":"ListItem","position":2,"name":"Wave Displays"}]},{"@type":"WebSite","@id":"https:\/\/www.austrianweb.at\/drucksorten\/#website","url":"https:\/\/www.austrianweb.at\/drucksorten\/","name":"Qualitativ hochwertige Drucksorten aller Art","description":"Gesch\u00e4fts- u. Werbedrucksorten - Printartikel f\u00fcr Point of sale","publisher":{"@id":"https:\/\/www.austrianweb.at\/drucksorten\/#organization"},"potentialAction":[{"@type":"SearchAction","target":{"@type":"EntryPoint","urlTemplate":"https:\/\/www.austrianweb.at\/drucksorten\/?s={search_term_string}"},"query-input":"required name=search_term_string"}],"inLanguage":"de"},{"@type":"Organization","@id":"https:\/\/www.austrianweb.at\/drucksorten\/#organization","name":"Austrianweb","url":"https:\/\/www.austrianweb.at\/drucksorten\/","logo":{"@type":"ImageObject","inLanguage":"de","@id":"https:\/\/www.austrianweb.at\/drucksorten\/#\/schema\/logo\/image\/","url":"https:\/\/www.austrianweb.at\/drucksorten\/wp-content\/uploads\/Austrianweb-Logo-180.png","contentUrl":"https:\/\/www.austrianweb.at\/drucksorten\/wp-content\/uploads\/Austrianweb-Logo-180.png","width":180,"height":209,"caption":"Austrianweb"},"image":{"@id":"https:\/\/www.austrianweb.at\/drucksorten\/#\/schema\/logo\/image\/"},"sameAs":["https:\/\/www.facebook.com\/pages\/Austrianweb-Suchmaschinenoptimierung\/","https:\/\/x.com\/austrianweb"]}]}},"_links":{"self":[{"href":"https:\/\/www.austrianweb.at\/drucksorten\/wp-json\/wp\/v2\/pages\/688"}],"collection":[{"href":"https:\/\/www.austrianweb.at\/drucksorten\/wp-json\/wp\/v2\/pages"}],"about":[{"href":"https:\/\/www.austrianweb.at\/drucksorten\/wp-json\/wp\/v2\/types\/page"}],"author":[{"embeddable":true,"href":"https:\/\/www.austrianweb.at\/drucksorten\/wp-json\/wp\/v2\/users\/1"}],"replies":[{"embeddable":true,"href":"https:\/\/www.austrianweb.at\/drucksorten\/wp-json\/wp\/v2\/comments?post=688"}],"version-history":[{"count":1,"href":"https:\/\/www.austrianweb.at\/drucksorten\/wp-json\/wp\/v2\/pages\/688\/revisions"}],"predecessor-version":[{"id":3086,"href":"https:\/\/www.austrianweb.at\/drucksorten\/wp-json\/wp\/v2\/pages\/688\/revisions\/3086"}],"up":[{"embeddable":true,"href":"https:\/\/www.austrianweb.at\/drucksorten\/wp-json\/wp\/v2\/pages\/143"}],"wp:attachment":[{"href":"https:\/\/www.austrianweb.at\/drucksorten\/wp-json\/wp\/v2\/media?parent=688"}],"curies":[{"name":"wp","href":"https:\/\/api.w.org\/{rel}","templated":true}]}}