{"id":133,"date":"2010-07-11T17:59:15","date_gmt":"2010-07-11T17:59:15","guid":{"rendered":"http:\/\/www.austrianweb.at\/drucksorten\/wordpress\/?p=133"},"modified":"2021-06-07T17:38:23","modified_gmt":"2021-06-07T17:38:23","slug":"kapaplatten-in-stanzform","status":"publish","type":"page","link":"https:\/\/www.austrianweb.at\/drucksorten\/banner-tafel-schilder\/kapaplatten-in-stanzform\/","title":{"rendered":"Kapaplatten in Stanzform"},"content":{"rendered":"<p>Kapaplatten sind vielseitig einsetzbar. Noch auff\u00e4lliger als Werbetr\u00e4ger sind sie aber im Konturschnitt. Lassen Sie Ihr Logo ausschneiden oder den Kopf eines Mitarbeiters &#8230;..<\/p>\n<p>Hochwertiger UV Druck f\u00fcr brillante Farbwiedergabe und Haltbarkeit. In beliebige Form gebracht bis max 1000x1400mm in einem St\u00fcck, aus dieser Platte wird der Zuschnitt angefertigt.<\/p>\n<p>Die Stanzform k\u00f6nnen Sie selbst gestalten. Definieren Sie einfach das Schnittmuster als geschlossene Kontur(en) in einer Schmuckfarbe, die die Bezeichnung &#8222;DieLine&#8220; tr\u00e4gt und legen sie diese innerhalb von 3mm Beschnittzugabe \u00fcber das Sujet. So sind nat\u00fcrlich auch Ausnehmungen mitten im Material umsetzbar.<\/p>\n<p>Etwaige Bohrungen und Abrundungen unbedingt in der Schnittform unterbringen!<\/p>\n<div><\/div>\n<div><strong>Lieferzeit:\u00a03 &#8211;\u00a05 Werktage ab druckfertiger Datei<\/strong><\/div>\n<p>&nbsp;<\/p>\n","protected":false},"excerpt":{"rendered":"<p>Kapaplatten sind vielseitig einsetzbar. Noch auff\u00e4lliger als Werbetr\u00e4ger sind sie aber im Konturschnitt. Lassen Sie Ihr Logo ausschneiden oder den Kopf eines Mitarbeiters &#8230;.. Hochwertiger UV Druck f\u00fcr brillante Farbwiedergabe und Haltbarkeit. In beliebige Form gebracht bis max 1000x1400mm in einem St\u00fcck, aus dieser Platte wird der Zuschnitt angefertigt. Die Stanzform k\u00f6nnen Sie selbst gestalten. [&hellip;]<\/p>\n","protected":false},"author":6,"featured_media":0,"parent":132,"menu_order":0,"comment_status":"closed","ping_status":"open","template":"","meta":{"footnotes":""},"yoast_head":"<!-- This site is optimized with the Yoast SEO plugin v22.5 - https:\/\/yoast.com\/wordpress\/plugins\/seo\/ -->\n<title>Kapaplatten in Stanz- bzw. Freiform<\/title>\n<meta name=\"description\" content=\"Die f\u00fcr den Messebau beliebten Kapaplatten sind nun auch in Freiform erh\u00e4ltlich. Sie geben also vor welche Form die Platte haben soll.\" \/>\n<meta name=\"robots\" content=\"index, follow, max-snippet:-1, max-image-preview:large, max-video-preview:-1\" \/>\n<link rel=\"canonical\" href=\"https:\/\/www.austrianweb.at\/drucksorten\/banner-tafel-schilder\/kapaplatten-in-stanzform\/\" \/>\n<meta property=\"og:locale\" content=\"de_DE\" \/>\n<meta property=\"og:type\" content=\"article\" \/>\n<meta property=\"og:title\" content=\"Kapaplatten in Stanz- bzw. Freiform\" \/>\n<meta property=\"og:description\" content=\"Die f\u00fcr den Messebau beliebten Kapaplatten sind nun auch in Freiform erh\u00e4ltlich. Sie geben also vor welche Form die Platte haben soll.\" \/>\n<meta property=\"og:url\" content=\"https:\/\/www.austrianweb.at\/drucksorten\/banner-tafel-schilder\/kapaplatten-in-stanzform\/\" \/>\n<meta property=\"og:site_name\" content=\"Qualitativ hochwertige Drucksorten aller Art\" \/>\n<meta property=\"article:publisher\" content=\"https:\/\/www.facebook.com\/pages\/Austrianweb-Suchmaschinenoptimierung\/\" \/>\n<meta property=\"article:modified_time\" content=\"2021-06-07T17:38:23+00:00\" \/>\n<meta property=\"og:image\" content=\"https:\/\/www.austrianweb.at\/drucksorten\/wp-content\/uploads\/Austrianweb-Logo-180.png\" \/>\n\t<meta property=\"og:image:width\" content=\"180\" \/>\n\t<meta property=\"og:image:height\" content=\"209\" \/>\n\t<meta property=\"og:image:type\" content=\"image\/png\" \/>\n<meta name=\"twitter:label1\" content=\"Gesch\u00e4tzte Lesezeit\" \/>\n\t<meta name=\"twitter:data1\" content=\"1\u00a0Minute\" \/>\n<script type=\"application\/ld+json\" class=\"yoast-schema-graph\">{\"@context\":\"https:\/\/schema.org\",\"@graph\":[{\"@type\":\"WebPage\",\"@id\":\"https:\/\/www.austrianweb.at\/drucksorten\/banner-tafel-schilder\/kapaplatten-in-stanzform\/\",\"url\":\"https:\/\/www.austrianweb.at\/drucksorten\/banner-tafel-schilder\/kapaplatten-in-stanzform\/\",\"name\":\"Kapaplatten in Stanz- bzw. Freiform\",\"isPartOf\":{\"@id\":\"https:\/\/www.austrianweb.at\/drucksorten\/#website\"},\"datePublished\":\"2010-07-11T17:59:15+00:00\",\"dateModified\":\"2021-06-07T17:38:23+00:00\",\"description\":\"Die f\u00fcr den Messebau beliebten Kapaplatten sind nun auch in Freiform erh\u00e4ltlich. Sie geben also vor welche Form die Platte haben soll.\",\"breadcrumb\":{\"@id\":\"https:\/\/www.austrianweb.at\/drucksorten\/banner-tafel-schilder\/kapaplatten-in-stanzform\/#breadcrumb\"},\"inLanguage\":\"de\",\"potentialAction\":[{\"@type\":\"ReadAction\",\"target\":[\"https:\/\/www.austrianweb.at\/drucksorten\/banner-tafel-schilder\/kapaplatten-in-stanzform\/\"]}]},{\"@type\":\"BreadcrumbList\",\"@id\":\"https:\/\/www.austrianweb.at\/drucksorten\/banner-tafel-schilder\/kapaplatten-in-stanzform\/#breadcrumb\",\"itemListElement\":[{\"@type\":\"ListItem\",\"position\":1,\"name\":\"Schilder, Platten u. Tafeln\",\"item\":\"https:\/\/www.austrianweb.at\/drucksorten\/banner-tafel-schilder\/\"},{\"@type\":\"ListItem\",\"position\":2,\"name\":\"Kapaplatten in Stanzform\"}]},{\"@type\":\"WebSite\",\"@id\":\"https:\/\/www.austrianweb.at\/drucksorten\/#website\",\"url\":\"https:\/\/www.austrianweb.at\/drucksorten\/\",\"name\":\"Qualitativ hochwertige Drucksorten aller Art\",\"description\":\"Gesch\u00e4fts- u. Werbedrucksorten - Printartikel f\u00fcr Point of sale\",\"publisher\":{\"@id\":\"https:\/\/www.austrianweb.at\/drucksorten\/#organization\"},\"potentialAction\":[{\"@type\":\"SearchAction\",\"target\":{\"@type\":\"EntryPoint\",\"urlTemplate\":\"https:\/\/www.austrianweb.at\/drucksorten\/?s={search_term_string}\"},\"query-input\":\"required name=search_term_string\"}],\"inLanguage\":\"de\"},{\"@type\":\"Organization\",\"@id\":\"https:\/\/www.austrianweb.at\/drucksorten\/#organization\",\"name\":\"Austrianweb\",\"url\":\"https:\/\/www.austrianweb.at\/drucksorten\/\",\"logo\":{\"@type\":\"ImageObject\",\"inLanguage\":\"de\",\"@id\":\"https:\/\/www.austrianweb.at\/drucksorten\/#\/schema\/logo\/image\/\",\"url\":\"https:\/\/www.austrianweb.at\/drucksorten\/wp-content\/uploads\/Austrianweb-Logo-180.png\",\"contentUrl\":\"https:\/\/www.austrianweb.at\/drucksorten\/wp-content\/uploads\/Austrianweb-Logo-180.png\",\"width\":180,\"height\":209,\"caption\":\"Austrianweb\"},\"image\":{\"@id\":\"https:\/\/www.austrianweb.at\/drucksorten\/#\/schema\/logo\/image\/\"},\"sameAs\":[\"https:\/\/www.facebook.com\/pages\/Austrianweb-Suchmaschinenoptimierung\/\",\"https:\/\/x.com\/austrianweb\"]}]}<\/script>\n<!-- \/ Yoast SEO plugin. -->","yoast_head_json":{"title":"Kapaplatten in Stanz- bzw. Freiform","description":"Die f\u00fcr den Messebau beliebten Kapaplatten sind nun auch in Freiform erh\u00e4ltlich. Sie geben also vor welche Form die Platte haben soll.","robots":{"index":"index","follow":"follow","max-snippet":"max-snippet:-1","max-image-preview":"max-image-preview:large","max-video-preview":"max-video-preview:-1"},"canonical":"https:\/\/www.austrianweb.at\/drucksorten\/banner-tafel-schilder\/kapaplatten-in-stanzform\/","og_locale":"de_DE","og_type":"article","og_title":"Kapaplatten in Stanz- bzw. Freiform","og_description":"Die f\u00fcr den Messebau beliebten Kapaplatten sind nun auch in Freiform erh\u00e4ltlich. Sie geben also vor welche Form die Platte haben soll.","og_url":"https:\/\/www.austrianweb.at\/drucksorten\/banner-tafel-schilder\/kapaplatten-in-stanzform\/","og_site_name":"Qualitativ hochwertige Drucksorten aller Art","article_publisher":"https:\/\/www.facebook.com\/pages\/Austrianweb-Suchmaschinenoptimierung\/","article_modified_time":"2021-06-07T17:38:23+00:00","og_image":[{"width":180,"height":209,"url":"https:\/\/www.austrianweb.at\/drucksorten\/wp-content\/uploads\/Austrianweb-Logo-180.png","type":"image\/png"}],"twitter_misc":{"Gesch\u00e4tzte Lesezeit":"1\u00a0Minute"},"schema":{"@context":"https:\/\/schema.org","@graph":[{"@type":"WebPage","@id":"https:\/\/www.austrianweb.at\/drucksorten\/banner-tafel-schilder\/kapaplatten-in-stanzform\/","url":"https:\/\/www.austrianweb.at\/drucksorten\/banner-tafel-schilder\/kapaplatten-in-stanzform\/","name":"Kapaplatten in Stanz- bzw. Freiform","isPartOf":{"@id":"https:\/\/www.austrianweb.at\/drucksorten\/#website"},"datePublished":"2010-07-11T17:59:15+00:00","dateModified":"2021-06-07T17:38:23+00:00","description":"Die f\u00fcr den Messebau beliebten Kapaplatten sind nun auch in Freiform erh\u00e4ltlich. Sie geben also vor welche Form die Platte haben soll.","breadcrumb":{"@id":"https:\/\/www.austrianweb.at\/drucksorten\/banner-tafel-schilder\/kapaplatten-in-stanzform\/#breadcrumb"},"inLanguage":"de","potentialAction":[{"@type":"ReadAction","target":["https:\/\/www.austrianweb.at\/drucksorten\/banner-tafel-schilder\/kapaplatten-in-stanzform\/"]}]},{"@type":"BreadcrumbList","@id":"https:\/\/www.austrianweb.at\/drucksorten\/banner-tafel-schilder\/kapaplatten-in-stanzform\/#breadcrumb","itemListElement":[{"@type":"ListItem","position":1,"name":"Schilder, Platten u. Tafeln","item":"https:\/\/www.austrianweb.at\/drucksorten\/banner-tafel-schilder\/"},{"@type":"ListItem","position":2,"name":"Kapaplatten in Stanzform"}]},{"@type":"WebSite","@id":"https:\/\/www.austrianweb.at\/drucksorten\/#website","url":"https:\/\/www.austrianweb.at\/drucksorten\/","name":"Qualitativ hochwertige Drucksorten aller Art","description":"Gesch\u00e4fts- u. Werbedrucksorten - Printartikel f\u00fcr Point of sale","publisher":{"@id":"https:\/\/www.austrianweb.at\/drucksorten\/#organization"},"potentialAction":[{"@type":"SearchAction","target":{"@type":"EntryPoint","urlTemplate":"https:\/\/www.austrianweb.at\/drucksorten\/?s={search_term_string}"},"query-input":"required name=search_term_string"}],"inLanguage":"de"},{"@type":"Organization","@id":"https:\/\/www.austrianweb.at\/drucksorten\/#organization","name":"Austrianweb","url":"https:\/\/www.austrianweb.at\/drucksorten\/","logo":{"@type":"ImageObject","inLanguage":"de","@id":"https:\/\/www.austrianweb.at\/drucksorten\/#\/schema\/logo\/image\/","url":"https:\/\/www.austrianweb.at\/drucksorten\/wp-content\/uploads\/Austrianweb-Logo-180.png","contentUrl":"https:\/\/www.austrianweb.at\/drucksorten\/wp-content\/uploads\/Austrianweb-Logo-180.png","width":180,"height":209,"caption":"Austrianweb"},"image":{"@id":"https:\/\/www.austrianweb.at\/drucksorten\/#\/schema\/logo\/image\/"},"sameAs":["https:\/\/www.facebook.com\/pages\/Austrianweb-Suchmaschinenoptimierung\/","https:\/\/x.com\/austrianweb"]}]}},"_links":{"self":[{"href":"https:\/\/www.austrianweb.at\/drucksorten\/wp-json\/wp\/v2\/pages\/133"}],"collection":[{"href":"https:\/\/www.austrianweb.at\/drucksorten\/wp-json\/wp\/v2\/pages"}],"about":[{"href":"https:\/\/www.austrianweb.at\/drucksorten\/wp-json\/wp\/v2\/types\/page"}],"author":[{"embeddable":true,"href":"https:\/\/www.austrianweb.at\/drucksorten\/wp-json\/wp\/v2\/users\/6"}],"replies":[{"embeddable":true,"href":"https:\/\/www.austrianweb.at\/drucksorten\/wp-json\/wp\/v2\/comments?post=133"}],"version-history":[{"count":4,"href":"https:\/\/www.austrianweb.at\/drucksorten\/wp-json\/wp\/v2\/pages\/133\/revisions"}],"predecessor-version":[{"id":4147,"href":"https:\/\/www.austrianweb.at\/drucksorten\/wp-json\/wp\/v2\/pages\/133\/revisions\/4147"}],"up":[{"embeddable":true,"href":"https:\/\/www.austrianweb.at\/drucksorten\/wp-json\/wp\/v2\/pages\/132"}],"wp:attachment":[{"href":"https:\/\/www.austrianweb.at\/drucksorten\/wp-json\/wp\/v2\/media?parent=133"}],"curies":[{"name":"wp","href":"https:\/\/api.w.org\/{rel}","templated":true}]}}